{"id":1038,"date":"2022-09-19T16:41:08","date_gmt":"2022-09-19T14:41:08","guid":{"rendered":"https:\/\/www.terres-et-chevaux.fr\/WP\/?post_type=product&#038;p=1038"},"modified":"2026-01-06T19:07:32","modified_gmt":"2026-01-06T17:07:32","slug":"webconference-replay-equi-pistes-cycle-organisation-organisation-generale-des-espaces","status":"publish","type":"product","link":"https:\/\/www.terres-et-chevaux.fr\/WP\/produit\/webconference-replay-equi-pistes-cycle-organisation-organisation-generale-des-espaces\/","title":{"rendered":"VID\u00c9O \u2022 \u00c9qui-pistes : Agencement g\u00e9n\u00e9ral des espaces"},"content":{"rendered":"<h3 style=\"text-align: center;\">\u00c9qui-pistes, Cycle &#8220;organisation&#8221;<\/h3>\n<h3 style=\"text-align: center;\"><strong><em>Organisation g\u00e9n\u00e9rale des espaces\u00a0<\/em><\/strong><\/h3>\n<p>Replay de webconf\u00e9rence. Dur\u00e9e indicative : 1h de pr\u00e9sentation, 30mn de questions.<br \/>\nVous avez acc\u00e8s \u00e0 la vid\u00e9o \u00e0 partir de votre espace client (menu Mon compte &gt; Tableau de bord), <strong>acc\u00e8s sans limite de dur\u00e9e<\/strong>.<\/p>\n<div><\/div>\n<div><em>Vous souhaitez concevoir une \u00e9qui-piste pour vos \u00e9quid\u00e9s ?<\/em><\/div>\n<div><\/div>\n<div><\/div>\n<div>Nous vous proposons 4 s\u00e9ries successives de 3 webconf\u00e9rences, abordant dans le d\u00e9tail chacun des \u00e9l\u00e9ments essentiels pour vous apprendre \u00e0 cr\u00e9er vous-m\u00eame un syst\u00e8me d&#8217;h\u00e9bergement sur mesure pour vos chevaux.<\/div>\n<div><\/div>\n<div><\/div>\n<div>Dans ce troisi\u00e8me cycle, nous abordons <strong>les aspects organisationnels<\/strong> : comment disposer les diff\u00e9rents \u00e9l\u00e9ments (partie 1), quelles cl\u00f4tures utiliser (partie 2), comment g\u00e9rer les crottins (partie 3).<\/div>\n<div><\/div>\n<div><span style=\"text-decoration: underline;\">Pendant cette premi\u00e8re webconf\u00e9rence du cycle &#8220;organisation&#8221;, nous aborderons les choses suivantes :<\/span><\/div>\n<ul>\n<li><span style=\"font-family: -apple-system, BlinkMacSystemFont, 'Segoe UI', Roboto, Oxygen-Sans, Ubuntu, Cantarell, 'Helvetica Neue', sans-serif;\">Comment disposer les diff\u00e9rents \u00e9l\u00e9ments dans l&#8217;espace ?\u00a0<\/span><\/li>\n<li>Comment g\u00e9n\u00e9rer du mouvement, sans provoquer du stress ?<\/li>\n<li>Comment se faciliter les t\u00e2ches de surveillance et d&#8217;entretien ?<\/li>\n<li>Quelles sont les erreurs typiques \u00e0 \u00e9viter, et pourquoi ?<\/li>\n<\/ul>\n<div>Vous pouvez vous inscrire \u00e0 ce webconf\u00e9rence uniquement, ou bien au cycle complet \u00e0 tarif pr\u00e9f\u00e9rentiel.<\/div>\n","protected":false},"excerpt":{"rendered":"<p>Replay de webconf\u00e9rence. Dur\u00e9e indicative : 1h de pr\u00e9sentation, 30mn de questions.<br \/>\nVous avez acc\u00e8s \u00e0 la vid\u00e9o \u00e0 partir de votre espace client (menu Mon compte &gt; Tableau de bord), <strong>acc\u00e8s sans limite de dur\u00e9e<\/strong>.<\/p>\n","protected":false},"featured_media":1389,"comment_status":"open","ping_status":"closed","template":"","meta":{"neve_meta_sidebar":"","neve_meta_container":"","neve_meta_enable_content_width":"off","neve_meta_content_width":100,"neve_meta_title_alignment":"","neve_meta_author_avatar":"","neve_post_elements_order":"","neve_meta_disable_header":"","neve_meta_disable_footer":"","neve_meta_disable_title":"","neve_meta_reading_time":"","_price":"21","_stock":null,"_tribe_ticket_header":"","_tribe_default_ticket_provider":"","_tribe_ticket_capacity":"","_ticket_start_date":"","_ticket_end_date":"","_tribe_ticket_show_description":"","_tribe_ticket_show_not_going":false,"_tribe_ticket_use_global_stock":"","_tribe_ticket_global_stock_level":"","_global_stock_mode":"","_global_stock_cap":"","_tribe_rsvp_for_event":"","_tribe_ticket_going_count":"","_tribe_ticket_not_going_count":"","_tribe_tickets_list":"[]","_tribe_ticket_has_attendee_info_fields":false,"_tec_slr_enabled":"","_tec_slr_layout":""},"product_brand":[],"product_cat":[34,24,39],"product_tag":[32,25,31,41],"class_list":{"0":"post-1038","1":"product","2":"type-product","3":"status-publish","4":"has-post-thumbnail","6":"product_cat-design","7":"product_cat-distanciel","8":"product_cat-webinaires","9":"product_tag-design","10":"product_tag-equi-piste","11":"product_tag-hebergement-equin","12":"product_tag-webinaires","14":"first","15":"instock","16":"virtual","17":"sold-individually","18":"purchasable","19":"product-type-simple"},"_links":{"self":[{"href":"https:\/\/www.terres-et-chevaux.fr\/WP\/wp-json\/wp\/v2\/product\/1038","targetHints":{"allow":["GET"]}}],"collection":[{"href":"https:\/\/www.terres-et-chevaux.fr\/WP\/wp-json\/wp\/v2\/product"}],"about":[{"href":"https:\/\/www.terres-et-chevaux.fr\/WP\/wp-json\/wp\/v2\/types\/product"}],"replies":[{"embeddable":true,"href":"https:\/\/www.terres-et-chevaux.fr\/WP\/wp-json\/wp\/v2\/comments?post=1038"}],"wp:featuredmedia":[{"embeddable":true,"href":"https:\/\/www.terres-et-chevaux.fr\/WP\/wp-json\/wp\/v2\/media\/1389"}],"wp:attachment":[{"href":"https:\/\/www.terres-et-chevaux.fr\/WP\/wp-json\/wp\/v2\/media?parent=1038"}],"wp:term":[{"taxonomy":"product_brand","embeddable":true,"href":"https:\/\/www.terres-et-chevaux.fr\/WP\/wp-json\/wp\/v2\/product_brand?post=1038"},{"taxonomy":"product_cat","embeddable":true,"href":"https:\/\/www.terres-et-chevaux.fr\/WP\/wp-json\/wp\/v2\/product_cat?post=1038"},{"taxonomy":"product_tag","embeddable":true,"href":"https:\/\/www.terres-et-chevaux.fr\/WP\/wp-json\/wp\/v2\/product_tag?post=1038"}],"curies":[{"name":"wp","href":"https:\/\/api.w.org\/{rel}","templated":true}]}}

VIDÉO • Équi-pistes : Agencement général des espaces

<h3 style="text-align: center;">Équi-pistes, Cycle &#8220;organisation&#8221;</h3>
<h3 style="text-align: center;"><strong><em>Organisation générale des espaces </em></strong></h3>
<p>Replay de webconférence. Durée indicative : 1h de présentation, 30mn de questions.<br />
Vous avez accès à la vidéo à partir de votre espace client (menu Mon compte &gt; Tableau de bord), <strong>accès sans limite de durée</strong>.</p>
<div></div>
<div><em>Vous souhaitez concevoir une équi-piste pour vos équidés ?</em></div>
<div></div>
<div></div>
<div>Nous vous proposons 4 séries successives de 3 webconférences, abordant dans le détail chacun des éléments essentiels pour vous apprendre à créer vous-même un système d&#8217;hébergement sur mesure pour vos chevaux.</div>
<div></div>
<div></div>
<div>Dans ce troisième cycle, nous abordons <strong>les aspects organisationnels</strong> : comment disposer les différents éléments (partie 1), quelles clôtures utiliser (partie 2), comment gérer les crottins (partie 3).</div>
<div></div>
<div><span style="text-decoration: underline;">Pendant cette première webconférence du cycle &#8220;organisation&#8221;, nous aborderons les choses suivantes :</span></div>
<ul>
<li><span style="font-family: -apple-system, BlinkMacSystemFont, 'Segoe UI', Roboto, Oxygen-Sans, Ubuntu, Cantarell, 'Helvetica Neue', sans-serif;">Comment disposer les différents éléments dans l&#8217;espace ? </span></li>
<li>Comment générer du mouvement, sans provoquer du stress ?</li>
<li>Comment se faciliter les tâches de surveillance et d&#8217;entretien ?</li>
<li>Quelles sont les erreurs typiques à éviter, et pourquoi ?</li>
</ul>
<div>Vous pouvez vous inscrire à ce webconférence uniquement, ou bien au cycle complet à tarif préférentiel.</div>

<p>Replay de webconférence. Durée indicative : 1h de présentation, 30mn de questions.<br />
Vous avez accès à la vidéo à partir de votre espace client (menu Mon compte &gt; Tableau de bord), <strong>accès sans limite de durée</strong>.</p>
