{"id":1544,"date":"2023-01-13T14:20:48","date_gmt":"2023-01-13T12:20:48","guid":{"rendered":"https:\/\/www.terres-et-chevaux.fr\/WP\/?post_type=product&#038;p=1544"},"modified":"2026-01-06T19:06:50","modified_gmt":"2026-01-06T17:06:50","slug":"webconference-replay-gestion-de-la-boue","status":"publish","type":"product","link":"https:\/\/www.terres-et-chevaux.fr\/WP\/produit\/webconference-replay-gestion-de-la-boue\/","title":{"rendered":"VID\u00c9O \u2022 &#8220;Gestion de la boue dans les parcs&#8221;"},"content":{"rendered":"<h3 style=\"text-align: center;\">Gestion de la boue dans les parcs<\/h3>\n<p>Replay de webconf\u00e9rence. Dur\u00e9e indicative : 1h de pr\u00e9sentation, 30mn de questions.<br \/>\nVous avez acc\u00e8s \u00e0 la vid\u00e9o \u00e0 partir de votre espace client (menu Mon compte &gt; Tableau de bord), <strong>acc\u00e8s sans limite de dur\u00e9e<\/strong>.<\/p>\n<div>Au programme de ce webinaire :<\/div>\n<ul>\n<li><span style=\"font-family: -apple-system, BlinkMacSystemFont, 'Segoe UI', Roboto, Oxygen-Sans, Ubuntu, Cantarell, 'Helvetica Neue', sans-serif;\">Comment g\u00e9rer la boue dans l&#8217;urgence\u00a0<\/span><\/li>\n<li>Comment anticiper les p\u00e9riodes boueuses<\/li>\n<li>Astuces pour am\u00e9nager l&#8217;espace avec ou sans stabilisation p\u00e9renne<\/li>\n<li>Retours sur diff\u00e9rents types d&#8217;am\u00e9nagements pour limiter la boue<\/li>\n<\/ul>\n<div>Vous pouvez vous inscrire \u00e0 cette webconf\u00e9rence uniquement, ou bien prendre un <a href=\"https:\/\/www.terres-et-chevaux.fr\/WP\/produit\/forfait-2-webinaires-replays-en-finir-avec-la-boue\/\">forfait pour les 2 webconf\u00e9rences<\/a> &#8220;Gestion de la boue&#8221; + &#8220;Stabilisation des sols&#8221;, ou encore prendre un <a href=\"https:\/\/www.terres-et-chevaux.fr\/WP\/produit\/pack-complet-en-finir-avec-la-boue\/\">pack complet &#8220;En finir avec la boue&#8221;<\/a> comprenant les 2 webinaires\/replays et 30 mn de consultation individuelle.<\/div>\n","protected":false},"excerpt":{"rendered":"<p>Replay de webconf\u00e9rence. Dur\u00e9e indicative : 1h de pr\u00e9sentation, 30mn de questions.<br \/>\nVous avez acc\u00e8s \u00e0 la vid\u00e9o \u00e0 partir de votre espace client (menu Mon compte &gt; Tableau de bord), <strong>acc\u00e8s sans limite de dur\u00e9e<\/strong>.<\/p>\n","protected":false},"featured_media":1643,"comment_status":"open","ping_status":"closed","template":"","meta":{"neve_meta_sidebar":"","neve_meta_container":"","neve_meta_enable_content_width":"off","neve_meta_content_width":100,"neve_meta_title_alignment":"","neve_meta_author_avatar":"","neve_post_elements_order":"","neve_meta_disable_header":"","neve_meta_disable_footer":"","neve_meta_disable_title":"","neve_meta_reading_time":"","_price":"21","_stock":null,"_tribe_ticket_header":"","_tribe_default_ticket_provider":"","_tribe_ticket_capacity":"","_ticket_start_date":"","_ticket_end_date":"","_tribe_ticket_show_description":"","_tribe_ticket_show_not_going":false,"_tribe_ticket_use_global_stock":"","_tribe_ticket_global_stock_level":"","_global_stock_mode":"","_global_stock_cap":"","_tribe_rsvp_for_event":"","_tribe_ticket_going_count":"","_tribe_ticket_not_going_count":"","_tribe_tickets_list":"[]","_tribe_ticket_has_attendee_info_fields":false,"_tec_slr_enabled":"","_tec_slr_layout":""},"product_brand":[],"product_cat":[18,34,24,39],"product_tag":[32,25,31,41],"class_list":{"0":"post-1544","1":"product","2":"type-product","3":"status-publish","4":"has-post-thumbnail","6":"product_cat-agro-ecologie","7":"product_cat-design","8":"product_cat-distanciel","9":"product_cat-webinaires","10":"product_tag-design","11":"product_tag-equi-piste","12":"product_tag-hebergement-equin","13":"product_tag-webinaires","15":"first","16":"instock","17":"virtual","18":"sold-individually","19":"purchasable","20":"product-type-simple"},"_links":{"self":[{"href":"https:\/\/www.terres-et-chevaux.fr\/WP\/wp-json\/wp\/v2\/product\/1544","targetHints":{"allow":["GET"]}}],"collection":[{"href":"https:\/\/www.terres-et-chevaux.fr\/WP\/wp-json\/wp\/v2\/product"}],"about":[{"href":"https:\/\/www.terres-et-chevaux.fr\/WP\/wp-json\/wp\/v2\/types\/product"}],"replies":[{"embeddable":true,"href":"https:\/\/www.terres-et-chevaux.fr\/WP\/wp-json\/wp\/v2\/comments?post=1544"}],"wp:featuredmedia":[{"embeddable":true,"href":"https:\/\/www.terres-et-chevaux.fr\/WP\/wp-json\/wp\/v2\/media\/1643"}],"wp:attachment":[{"href":"https:\/\/www.terres-et-chevaux.fr\/WP\/wp-json\/wp\/v2\/media?parent=1544"}],"wp:term":[{"taxonomy":"product_brand","embeddable":true,"href":"https:\/\/www.terres-et-chevaux.fr\/WP\/wp-json\/wp\/v2\/product_brand?post=1544"},{"taxonomy":"product_cat","embeddable":true,"href":"https:\/\/www.terres-et-chevaux.fr\/WP\/wp-json\/wp\/v2\/product_cat?post=1544"},{"taxonomy":"product_tag","embeddable":true,"href":"https:\/\/www.terres-et-chevaux.fr\/WP\/wp-json\/wp\/v2\/product_tag?post=1544"}],"curies":[{"name":"wp","href":"https:\/\/api.w.org\/{rel}","templated":true}]}}

VIDÉO • &#8220;Gestion de la boue dans les parcs&#8221;

<h3 style="text-align: center;">Gestion de la boue dans les parcs</h3>
<p>Replay de webconférence. Durée indicative : 1h de présentation, 30mn de questions.<br />
Vous avez accès à la vidéo à partir de votre espace client (menu Mon compte &gt; Tableau de bord), <strong>accès sans limite de durée</strong>.</p>
<div>Au programme de ce webinaire :</div>
<ul>
<li><span style="font-family: -apple-system, BlinkMacSystemFont, 'Segoe UI', Roboto, Oxygen-Sans, Ubuntu, Cantarell, 'Helvetica Neue', sans-serif;">Comment gérer la boue dans l&#8217;urgence </span></li>
<li>Comment anticiper les périodes boueuses</li>
<li>Astuces pour aménager l&#8217;espace avec ou sans stabilisation pérenne</li>
<li>Retours sur différents types d&#8217;aménagements pour limiter la boue</li>
</ul>
<div>Vous pouvez vous inscrire à cette webconférence uniquement, ou bien prendre un <a href="https://www.terres-et-chevaux.fr/WP/produit/forfait-2-webinaires-replays-en-finir-avec-la-boue/">forfait pour les 2 webconférences</a> &#8220;Gestion de la boue&#8221; + &#8220;Stabilisation des sols&#8221;, ou encore prendre un <a href="https://www.terres-et-chevaux.fr/WP/produit/pack-complet-en-finir-avec-la-boue/">pack complet &#8220;En finir avec la boue&#8221;</a> comprenant les 2 webinaires/replays et 30 mn de consultation individuelle.</div>

<p>Replay de webconférence. Durée indicative : 1h de présentation, 30mn de questions.<br />
Vous avez accès à la vidéo à partir de votre espace client (menu Mon compte &gt; Tableau de bord), <strong>accès sans limite de durée</strong>.</p>
