{"id":1702,"date":"2023-02-18T12:10:21","date_gmt":"2023-02-18T10:10:21","guid":{"rendered":"https:\/\/www.terres-et-chevaux.fr\/WP\/?post_type=product&#038;p=1702"},"modified":"2025-11-19T18:34:34","modified_gmt":"2025-11-19T16:34:34","slug":"forfait-videos-paturage-cycle-de-printemps","status":"publish","type":"product","link":"https:\/\/www.terres-et-chevaux.fr\/WP\/produit\/forfait-videos-paturage-cycle-de-printemps\/","title":{"rendered":"FORFAIT 3 VID\u00c9OS \u2022 P\u00e2turage : Cycle de printemps complet"},"content":{"rendered":"<p>Replays de 3 webconf\u00e9rences. Dur\u00e9e indicative de chaque webconf\u00e9rence : 1h de pr\u00e9sentation, 30mn de questions.<br \/>\nVous avez acc\u00e8s aux vid\u00e9os \u00e0 partir de votre espace client (menu Mon compte &gt; Tableau de bord), <strong>acc\u00e8s sans limite de dur\u00e9e<\/strong>.<\/p>\n<h3 style=\"text-align: center;\">P\u00e2turage \u2022 Cycle de printemps<\/h3>\n<ul>\n<li>La m\u00e9thode des sommes de temp\u00e9ratures<\/li>\n<li>Conna\u00eetre son sol pour mieux g\u00e9rer le p\u00e2turage<\/li>\n<li>Canicule et s\u00e9cheresse : pr\u00e9server son herbe<\/li>\n<\/ul>\n<div><\/div>\n<div><span style=\"text-decoration: underline;\">Au programme de ces webinaires :\u00a0<\/span><\/div>\n<ul>\n<li>La m\u00e9thode des sommes de temp\u00e9ratures\n<ul>\n<li>Pourquoi \u00e7a marche<\/li>\n<li>Jusqu\u2019o\u00f9 \u00e7a marche (limites du syst\u00e8me)<\/li>\n<\/ul>\n<\/li>\n<li>Adaptation \u00e0 diff\u00e9rents types de prairies \/ couverts<\/li>\n<li>Adaptation aux chevaux en fonction de leurs besoins sp\u00e9cifiques<\/li>\n<li>Mise en application \/ Illustration<\/li>\n<li>La nature d\u2019un sol\n<ul>\n<li>Les diff\u00e9rentes composantes et leurs r\u00f4les<\/li>\n<li>La faune du sol<\/li>\n<\/ul>\n<\/li>\n<li>La sant\u00e9 du sol<\/li>\n<li>Adapter le mode de p\u00e2turage au type de sol et \u00e0 son \u00e9tat de sant\u00e9<\/li>\n<li>Cons\u00e9quences des al\u00e9as de chaleur et s\u00e9cheresse sur l\u2019herbe<\/li>\n<li>Adapter sa gestion aux conditions m\u00e9t\u00e9o<\/li>\n<li>La (d\u00e9licate) hypoth\u00e8se de l\u2019irrigation des prairies<span class=\"Apple-converted-space\">\u00a0<\/span><\/li>\n<\/ul>\n<div><\/div>\n","protected":false},"excerpt":{"rendered":"<p>Replays de 3 webconf\u00e9rences. Dur\u00e9e indicative de chaque webconf\u00e9rence : 1h de pr\u00e9sentation, 30mn de questions.<br \/>\nVous avez acc\u00e8s aux vid\u00e9os \u00e0 partir de votre espace client (menu Mon compte &gt; Tableau de bord), <strong>acc\u00e8s sans limite de dur\u00e9e<\/strong>.<\/p>\n","protected":false},"featured_media":1697,"comment_status":"open","ping_status":"closed","template":"","meta":{"neve_meta_sidebar":"","neve_meta_container":"","neve_meta_enable_content_width":"off","neve_meta_content_width":100,"neve_meta_title_alignment":"","neve_meta_author_avatar":"","neve_post_elements_order":"","neve_meta_disable_header":"","neve_meta_disable_footer":"","neve_meta_disable_title":"","neve_meta_reading_time":"","_price":"54","_stock":null,"_tribe_ticket_header":"","_tribe_default_ticket_provider":"","_tribe_ticket_capacity":"","_ticket_start_date":"","_ticket_end_date":"","_tribe_ticket_show_description":"","_tribe_ticket_show_not_going":false,"_tribe_ticket_use_global_stock":"","_tribe_ticket_global_stock_level":"","_global_stock_mode":"","_global_stock_cap":"","_tribe_rsvp_for_event":"","_tribe_ticket_going_count":"","_tribe_ticket_not_going_count":"","_tribe_tickets_list":"[]","_tribe_ticket_has_attendee_info_fields":false,"_tec_slr_enabled":"","_tec_slr_layout":""},"product_brand":[],"product_cat":[18,24,56,39],"product_tag":[57,58,41],"class_list":{"0":"post-1702","1":"product","2":"type-product","3":"status-publish","4":"has-post-thumbnail","6":"product_cat-agro-ecologie","7":"product_cat-distanciel","8":"product_cat-gestion-des-prairies","9":"product_cat-webinaires","10":"product_tag-gestion-des-prairies","11":"product_tag-paturage-tournant","12":"product_tag-webinaires","14":"first","15":"instock","16":"sale","17":"virtual","18":"sold-individually","19":"purchasable","20":"product-type-woosb"},"_links":{"self":[{"href":"https:\/\/www.terres-et-chevaux.fr\/WP\/wp-json\/wp\/v2\/product\/1702","targetHints":{"allow":["GET"]}}],"collection":[{"href":"https:\/\/www.terres-et-chevaux.fr\/WP\/wp-json\/wp\/v2\/product"}],"about":[{"href":"https:\/\/www.terres-et-chevaux.fr\/WP\/wp-json\/wp\/v2\/types\/product"}],"replies":[{"embeddable":true,"href":"https:\/\/www.terres-et-chevaux.fr\/WP\/wp-json\/wp\/v2\/comments?post=1702"}],"wp:featuredmedia":[{"embeddable":true,"href":"https:\/\/www.terres-et-chevaux.fr\/WP\/wp-json\/wp\/v2\/media\/1697"}],"wp:attachment":[{"href":"https:\/\/www.terres-et-chevaux.fr\/WP\/wp-json\/wp\/v2\/media?parent=1702"}],"wp:term":[{"taxonomy":"product_brand","embeddable":true,"href":"https:\/\/www.terres-et-chevaux.fr\/WP\/wp-json\/wp\/v2\/product_brand?post=1702"},{"taxonomy":"product_cat","embeddable":true,"href":"https:\/\/www.terres-et-chevaux.fr\/WP\/wp-json\/wp\/v2\/product_cat?post=1702"},{"taxonomy":"product_tag","embeddable":true,"href":"https:\/\/www.terres-et-chevaux.fr\/WP\/wp-json\/wp\/v2\/product_tag?post=1702"}],"curies":[{"name":"wp","href":"https:\/\/api.w.org\/{rel}","templated":true}]}}

FORFAIT 3 VIDÉOS • Pâturage : Cycle de printemps complet

<p>Replays de 3 webconférences. Durée indicative de chaque webconférence : 1h de présentation, 30mn de questions.<br />
Vous avez accès aux vidéos à partir de votre espace client (menu Mon compte &gt; Tableau de bord), <strong>accès sans limite de durée</strong>.</p>
<h3 style="text-align: center;">Pâturage • Cycle de printemps</h3>
<ul>
<li>La méthode des sommes de températures</li>
<li>Connaître son sol pour mieux gérer le pâturage</li>
<li>Canicule et sécheresse : préserver son herbe</li>
</ul>
<div></div>
<div><span style="text-decoration: underline;">Au programme de ces webinaires : </span></div>
<ul>
<li>La méthode des sommes de températures
<ul>
<li>Pourquoi ça marche</li>
<li>Jusqu’où ça marche (limites du système)</li>
</ul>
</li>
<li>Adaptation à différents types de prairies / couverts</li>
<li>Adaptation aux chevaux en fonction de leurs besoins spécifiques</li>
<li>Mise en application / Illustration</li>
<li>La nature d’un sol
<ul>
<li>Les différentes composantes et leurs rôles</li>
<li>La faune du sol</li>
</ul>
</li>
<li>La santé du sol</li>
<li>Adapter le mode de pâturage au type de sol et à son état de santé</li>
<li>Conséquences des aléas de chaleur et sécheresse sur l’herbe</li>
<li>Adapter sa gestion aux conditions météo</li>
<li>La (délicate) hypothèse de l’irrigation des prairies<span class="Apple-converted-space"> </span></li>
</ul>
<div></div>

<p>Replays de 3 webconférences. Durée indicative de chaque webconférence : 1h de présentation, 30mn de questions.<br />
Vous avez accès aux vidéos à partir de votre espace client (menu Mon compte &gt; Tableau de bord), <strong>accès sans limite de durée</strong>.</p>
