{"id":1815,"date":"2023-03-14T17:10:37","date_gmt":"2023-03-14T15:10:37","guid":{"rendered":"https:\/\/www.terres-et-chevaux.fr\/WP\/?post_type=product&#038;p=1815"},"modified":"2026-01-06T18:57:30","modified_gmt":"2026-01-06T16:57:30","slug":"accompagnement-recherche-site-terrain-installation","status":"publish","type":"product","link":"https:\/\/www.terres-et-chevaux.fr\/WP\/produit\/accompagnement-recherche-site-terrain-installation\/","title":{"rendered":"Accompagnement \u00e0 la recherche de site d\u2019installation"},"content":{"rendered":"<p>Vous \u00eates \u00e0 la recherche d\u2019un terrain adapt\u00e9 pour installer vos chevaux, \u00e0 titre priv\u00e9 ou professionnel, et vous vous demandez :<\/p>\n<ul>\n<li>Quelles surfaces rechercher ? (En fonction de la r\u00e9gion, des types de sol et de climat, des diff\u00e9rents couverts v\u00e9g\u00e9taux, des besoins des chevaux\u2026)<\/li>\n<li>Quelle v\u00e9g\u00e9tation serait adapt\u00e9e \u00e0 mes chevaux ?<\/li>\n<li>Pourrais-je \u00eatre autonome en herbe ?<\/li>\n<li>Quel investissement mat\u00e9riel pr\u00e9voir ? (Cl\u00f4tures, stabilisation, abris, m\u00e9caniser ou pas\u2026)<\/li>\n<li>Quel type de sol de travail installer ? (Sol naturel, sable, plaquettes de bois\u2026)<\/li>\n<li>Est-il pr\u00e9f\u00e9rable de chercher des b\u00e2timents existants \u00e0 adapter ou de faire construire ?<\/li>\n<\/ul>\n<p>Je vous propose de vous accompagner dans vos recherches du terrain id\u00e9al et de r\u00e9pondre \u00e0 ces questions, ainsi qu\u2019\u00e0 beaucoup d\u2019autres !, dans le cadre d\u2019un accompagnement sp\u00e9cial \u00ab recherche de terrain \u00bb.<\/p>\n<h2>Contenu de la prestation :<\/h2>\n<ul>\n<li>Un recueil d\u2019informations via un questionnaire d\u00e9taill\u00e9 afin de d\u00e9terminer vos envies, vos besoins et vos grands questionnements et vous aider \u00e0 y voir plus clair dans votre projet<\/li>\n<li>Une estimation des besoins en mati\u00e8re de surfaces pour orienter vos recherches<\/li>\n<li>Un entretien d\u2019une heure en visio pour faire la synth\u00e8se de ces \u00e9l\u00e9ments et pour r\u00e9pondre \u00e0 toutes vos grandes questions sur votre recherche, ou bien vous renvoyer vers des coll\u00e8gues sur les questions que vous vous posez le cas \u00e9ch\u00e9ant (p.ex. pour un pr\u00e9visionnel, une demande de permis d construire, etc.)<\/li>\n<\/ul>\n<p>\u00c0 cela, vous pourrez ajouter des entretiens de 30mn\u00a0\u00e0 la vol\u00e9e en visio au fil de vos visites, pour parler de ce que vous avez vu et \u00e9voquer les interrogations que vous aurez pour la faisabilit\u00e9 du projet. (Option \u00e0 la demande lorsque c\u2019est n\u00e9cessaire pour vous)<\/p>\n","protected":false},"excerpt":{"rendered":"<p>Vous \u00eates \u00e0 la recherche d\u2019un terrain adapt\u00e9 pour installer vos chevaux, \u00e0 titre priv\u00e9 ou professionnel, et vous vous demandez :<\/p>\n<ul>\n<li>Quelles surfaces rechercher ?<\/li>\n<li>Quelle v\u00e9g\u00e9tation serait adapt\u00e9e \u00e0 mes chevaux ?<\/li>\n<li>Pourrais-je \u00eatre autonome en herbe ?<\/li>\n<li>Quel investissement mat\u00e9riel pr\u00e9voir ?<\/li>\n<li>\u2026<\/li>\n<\/ul>\n<p>Je vous propose de vous accompagner dans vos recherches du terrain id\u00e9al et de r\u00e9pondre \u00e0 ces questions, ainsi qu\u2019\u00e0 beaucoup d\u2019autres !, dans le cadre d\u2019un accompagnement sp\u00e9cial \u00ab recherche de terrain \u00bb.<\/p>\n","protected":false},"featured_media":1816,"comment_status":"open","ping_status":"closed","template":"","meta":{"neve_meta_sidebar":"","neve_meta_container":"","neve_meta_enable_content_width":"off","neve_meta_content_width":100,"neve_meta_title_alignment":"","neve_meta_author_avatar":"","neve_post_elements_order":"","neve_meta_disable_header":"","neve_meta_disable_footer":"","neve_meta_disable_title":"","neve_meta_reading_time":"","_price":"","_stock":null,"_tribe_ticket_header":"","_tribe_default_ticket_provider":"","_tribe_ticket_capacity":"","_ticket_start_date":"","_ticket_end_date":"","_tribe_ticket_show_description":"","_tribe_ticket_show_not_going":false,"_tribe_ticket_use_global_stock":"","_tribe_ticket_global_stock_level":"","_global_stock_mode":"","_global_stock_cap":"","_tribe_rsvp_for_event":"","_tribe_ticket_going_count":"","_tribe_ticket_not_going_count":"","_tribe_tickets_list":"[]","_tribe_ticket_has_attendee_info_fields":false,"_tec_slr_enabled":"","_tec_slr_layout":""},"product_brand":[],"product_cat":[18,30,24,56],"product_tag":[],"class_list":{"0":"post-1815","1":"product","2":"type-product","3":"status-publish","4":"has-post-thumbnail","6":"product_cat-agro-ecologie","7":"product_cat-conseil","8":"product_cat-distanciel","9":"product_cat-gestion-des-prairies","11":"first","12":"instock","13":"virtual","14":"product-type-simple"},"_links":{"self":[{"href":"https:\/\/www.terres-et-chevaux.fr\/WP\/wp-json\/wp\/v2\/product\/1815","targetHints":{"allow":["GET"]}}],"collection":[{"href":"https:\/\/www.terres-et-chevaux.fr\/WP\/wp-json\/wp\/v2\/product"}],"about":[{"href":"https:\/\/www.terres-et-chevaux.fr\/WP\/wp-json\/wp\/v2\/types\/product"}],"replies":[{"embeddable":true,"href":"https:\/\/www.terres-et-chevaux.fr\/WP\/wp-json\/wp\/v2\/comments?post=1815"}],"wp:featuredmedia":[{"embeddable":true,"href":"https:\/\/www.terres-et-chevaux.fr\/WP\/wp-json\/wp\/v2\/media\/1816"}],"wp:attachment":[{"href":"https:\/\/www.terres-et-chevaux.fr\/WP\/wp-json\/wp\/v2\/media?parent=1815"}],"wp:term":[{"taxonomy":"product_brand","embeddable":true,"href":"https:\/\/www.terres-et-chevaux.fr\/WP\/wp-json\/wp\/v2\/product_brand?post=1815"},{"taxonomy":"product_cat","embeddable":true,"href":"https:\/\/www.terres-et-chevaux.fr\/WP\/wp-json\/wp\/v2\/product_cat?post=1815"},{"taxonomy":"product_tag","embeddable":true,"href":"https:\/\/www.terres-et-chevaux.fr\/WP\/wp-json\/wp\/v2\/product_tag?post=1815"}],"curies":[{"name":"wp","href":"https:\/\/api.w.org\/{rel}","templated":true}]}}

Accompagnement à la recherche de site d’installation

<p>Vous êtes à la recherche d’un terrain adapté pour installer vos chevaux, à titre privé ou professionnel, et vous vous demandez :</p>
<ul>
<li>Quelles surfaces rechercher ? (En fonction de la région, des types de sol et de climat, des différents couverts végétaux, des besoins des chevaux…)</li>
<li>Quelle végétation serait adaptée à mes chevaux ?</li>
<li>Pourrais-je être autonome en herbe ?</li>
<li>Quel investissement matériel prévoir ? (Clôtures, stabilisation, abris, mécaniser ou pas…)</li>
<li>Quel type de sol de travail installer ? (Sol naturel, sable, plaquettes de bois…)</li>
<li>Est-il préférable de chercher des bâtiments existants à adapter ou de faire construire ?</li>
</ul>
<p>Je vous propose de vous accompagner dans vos recherches du terrain idéal et de répondre à ces questions, ainsi qu’à beaucoup d’autres !, dans le cadre d’un accompagnement spécial « recherche de terrain ».</p>
<h2>Contenu de la prestation :</h2>
<ul>
<li>Un recueil d’informations via un questionnaire détaillé afin de déterminer vos envies, vos besoins et vos grands questionnements et vous aider à y voir plus clair dans votre projet</li>
<li>Une estimation des besoins en matière de surfaces pour orienter vos recherches</li>
<li>Un entretien d’une heure en visio pour faire la synthèse de ces éléments et pour répondre à toutes vos grandes questions sur votre recherche, ou bien vous renvoyer vers des collègues sur les questions que vous vous posez le cas échéant (p.ex. pour un prévisionnel, une demande de permis d construire, etc.)</li>
</ul>
<p>À cela, vous pourrez ajouter des entretiens de 30mn à la volée en visio au fil de vos visites, pour parler de ce que vous avez vu et évoquer les interrogations que vous aurez pour la faisabilité du projet. (Option à la demande lorsque c’est nécessaire pour vous)</p>

<p>Vous êtes à la recherche d’un terrain adapté pour installer vos chevaux, à titre privé ou professionnel, et vous vous demandez :</p>
<ul>
<li>Quelles surfaces rechercher ?</li>
<li>Quelle végétation serait adaptée à mes chevaux ?</li>
<li>Pourrais-je être autonome en herbe ?</li>
<li>Quel investissement matériel prévoir ?</li>
<li>…</li>
</ul>
<p>Je vous propose de vous accompagner dans vos recherches du terrain idéal et de répondre à ces questions, ainsi qu’à beaucoup d’autres !, dans le cadre d’un accompagnement spécial « recherche de terrain ».</p>
