{"id":3483,"date":"2025-02-27T14:02:56","date_gmt":"2025-02-27T12:02:56","guid":{"rendered":"https:\/\/www.terres-et-chevaux.fr\/WP\/?post_type=product&#038;p=3483"},"modified":"2025-09-09T18:15:30","modified_gmt":"2025-09-09T16:15:30","slug":"formation-gestion-des-prairies-printemps-2025-aveyron","status":"publish","type":"product","link":"https:\/\/www.terres-et-chevaux.fr\/WP\/produit\/formation-gestion-des-prairies-printemps-2025-aveyron\/","title":{"rendered":"Formation GESTION DES PRAIRIES \u2022 Printemps 2025 \u2022 Aveyron"},"content":{"rendered":"<div class=\"program__first-detail\">\n<h2 class=\"program-details__title\">Programme de la formation<\/h2>\n<p class=\"text-with-new-lines\">Cette formation vise \u00e0 apporter aux participants des principes de gestion agro-\u00e9cologique des prairies p\u00e2tur\u00e9es, pour optimiser leur production tout en pr\u00e9servant les \u00e9cosyst\u00e8mes dans un contexte de changement climatique.<\/p>\n<\/div>\n<div class=\"program-detail goals\">\n<div class=\"program-detail__subtitle-container\">\n<h3 class=\"program-detail__subtitle\">Objectifs de la formation<\/h3>\n<\/div>\n<ul>\n<li class=\"list-goals\">D\u00e9velopper les connaissances agro-\u00e9cologiques des gestionnaires d&#8217;\u00e9quid\u00e9s pour optimiser efficacement la gestion des prairies et s\u00e9curiser la production fourrag\u00e8re.<\/li>\n<li class=\"list-goals\">Savoir s&#8217;adapter aux diff\u00e9rents al\u00e9as climatiques actuels, aux sp\u00e9cificit\u00e9s des terrains et aux besoins sp\u00e9cifiques des chevaux.<\/li>\n<\/ul>\n<\/div>\n<div class=\"program-detail marketing\">\n<div class=\"program-detail__subtitle-container\">\n<h3 class=\"program-detail__subtitle\">Profil des b\u00e9n\u00e9ficiaires<\/h3>\n<\/div>\n<div class=\"subcategories\">\n<div class=\"subcategory\">\n<h4 class=\"subcategory__header\">Pour qui ?<\/h4>\n<ul>\n<li>G\u00e9rants de structures \u00e9questres avec sol (zones de prairie, lande, garrigue, bois), en r\u00e9gion Occitanie,<\/li>\n<li>Porteurs de projet, en r\u00e9gion Occitanie.<\/li>\n<li>Particuliers d\u00e9tenteurs de chevaux.<\/li>\n<li>Le prix de la formation est de 1012 \u20ac, la prise en charge VIVEA de 1012 \u20ac, le reste \u00e0 charge de 0 \u20ac pour les personnes cotisantes. Autre public, nous contacter.<\/li>\n<\/ul>\n<\/div>\n<div class=\"subcategory\">\n<h4 class=\"subcategory__header\">Pr\u00e9requis<\/h4>\n<ul>\n<li>Avoir un ordinateur ou tablette avec connexion \u00e0 internet.<\/li>\n<li>\u00catre capable d\u2019utiliser un logiciel de visioconf\u00e9rence (Zoom).<\/li>\n<\/ul>\n<\/div>\n<\/div>\n<\/div>\n<div class=\"program-detail steps\">\n<div id=\"all-steps-toggler\" class=\"steps-subtitle\">\n<h3 class=\"program-detail__subtitle\">Contenu de la formation<\/h3>\n<\/div>\n<div class=\"step-block\">\n<ul class=\"list-steps\">\n<li class=\"step\">\n<div class=\"step__content\">Le p\u00e2turage tournant adapt\u00e9 aux \u00e9quins. 7h00 Distanciel FMD (asynchrone)<\/div>\n<\/li>\n<li class=\"step\">\n<div class=\"step__content\">Comprendre ce qu&#8217;est un \u00e9cosyst\u00e8me, comment il fonctionne, et pourquoi c&#8217;est important dans le cadre d&#8217;une gestion agro-\u00e9cologique des prairies. Comprendre quelles sont les caract\u00e9ristiques \u00e9cosyst\u00e9miques de son exploitation, pour pouvoir s&#8217;appuyer sur ses qualit\u00e9s et tenir compte de ses limites dans sa gestion du p\u00e2turage \u00e9quin, afin de le pr\u00e9server et l&#8217;am\u00e9liorer. 7h00 Pr\u00e9sentiel<\/div>\n<\/li>\n<li class=\"step\">\n<div class=\"step__content\">Am\u00e9liorer sa gestion pour s\u00e9curiser (pr\u00e9server ou augmenter) sa production d&#8217;herbe, et tendre vers l\u2019autonomie fourrag\u00e8re. 3h30 Pr\u00e9sentiel<\/div>\n<\/li>\n<li class=\"step\">\n<div class=\"step__content\">R\u00e9aliser de son plan de p\u00e2turage tournant personnalis\u00e9. 3h30 Pr\u00e9sentiel<\/div>\n<\/li>\n<li class=\"step\">\n<div class=\"step__content\">Mise en pratique des acquis et travaux r\u00e9alis\u00e9s. 3h30 Distanciel (Synchrone et asynchrone)<\/div>\n<\/li>\n<\/ul>\n<\/div>\n<\/div>\n<div class=\"resources\">\n<div class=\"resources-block program-detail\">\n<h3 class=\"category-resources\">\u00c9quipe p\u00e9dagogique<\/h3>\n<p class=\"mentoring text-with-new-lines\">Marie-Laure Gu\u00e9not (entreprise Terres et Chevaux), Agricultrice, conseill\u00e8re agricole sp\u00e9cialis\u00e9e dans la gestion des prairies en agro-\u00e9cologie et designer d\u2019h\u00e9bergements \u00e9quins, et formatrice sur ces m\u00eames th\u00e9matiques depuis 2014.<\/p>\n<\/div>\n<div class=\"resources-block program-detail\">\n<h3 class=\"category-resources\">Suivi de l&#8217;ex\u00e9cution et \u00e9valuation des r\u00e9sultats<\/h3>\n<ul>\n<li>Suivi d&#8217;ex\u00e9cution : modules \u00e0 distance synchrones et asynchrones et modules en pr\u00e9sentiel.<\/li>\n<li>Evaluation des acquis par : \u00c9changes questions-r\u00e9ponses au fil de la s\u00e9ance en pr\u00e9sentiel, exercices, quizz.<\/li>\n<\/ul>\n<\/div>\n<div class=\"resources-block program-detail\">\n<h3 class=\"category-resources\">Ressources techniques et p\u00e9dagogiques<\/h3>\n<ul>\n<li>Modules \u00e0 distance : &#8211; LMS Learndash (vid\u00e9os, exercices, quizz, webinaire) &#8211; Zoom (Sondage pendant la visioconf\u00e9rence, sur la base de questions pr\u00e9par\u00e9es. \u00c9change en visioconf\u00e9rence)<\/li>\n<li>En pr\u00e9sentiel : Pr\u00e9sentation orale avec support vid\u00e9o (projection d\u2019un diaporama) &#8211; Sortie sur le site pour observer ses caract\u00e9ristiques d&#8217;un \u00e9cosyst\u00e8me &#8211; Exercices de conception de son plan de p\u00e2turage.<\/li>\n<\/ul>\n<\/div>\n<\/div>\n<div class=\"program-detail\">\n<div class=\"program-detail__subtitle-container\">\n<h3 class=\"program-detail__subtitle\">Qualit\u00e9 et satisfaction<\/h3>\n<\/div>\n<div class=\"program-detail__content\">\n<div class=\"subcategories\">\n<div class=\"subcategory\">Sur 2024, les formations r\u00e9alis\u00e9es par Terres et Chevaux ont re\u00e7u la note moyenne de satisfaction des stagiaires est de 9.87\/10.<\/div>\n<\/div>\n<\/div>\n<\/div>\n<div class=\"program-detail\">\n<div class=\"program-detail__subtitle-container\">\n<h3 class=\"program-detail__subtitle\">Modalit\u00e9s de certification<\/h3>\n<\/div>\n<div class=\"subcategories\">\n<div class=\"subcategory\">\n<h4 class=\"subcategory__header\">R\u00e9sultats attendus \u00e0 l&#8217;issue de la formation<\/h4>\n<ul>\n<li>Les stagiaires auront atteint de nouvelles capacit\u00e9s pour am\u00e9liorer leurs rendements en fourrages auto-produits au regard des comp\u00e9tences acquises sur le p\u00e2turage tournant et l&#8217;adaptation \u00e0 leur \u00e9cosyst\u00e8me.<\/li>\n<\/ul>\n<\/div>\n<\/div>\n<\/div>\n<div class=\"program-detail\">\n<div class=\"program-detail__subtitle-container\">\n<h3 class=\"program-detail__subtitle\">Capacit\u00e9 d&#8217;accueil<\/h3>\n<\/div>\n<div class=\"program-detail__content\">Entre 4 et 10 apprenants<\/div>\n<\/div>\n<div class=\"program-detail\">\n<div class=\"program-detail__subtitle-container\"><\/div>\n<\/div>\n<div class=\"program-detail\">\n<div class=\"program-detail__subtitle-container\">\n<h3 class=\"program-detail__subtitle\">Accessibilit\u00e9<\/h3>\n<\/div>\n<div class=\"program-detail__content\"><span class=\"text-with-new-lines\">Personne en situation de handicap : si besoins, contactez la r\u00e9f\u00e9rente handicap ADPSA Sandrine VIGUIE (05 65 73 77 96) afin d\u2019\u00e9tudier ensemble les adaptations \u00e0 mettre en \u0153uvre.<\/span><\/div>\n<\/div>\n","protected":false},"excerpt":{"rendered":"<div class=\"program__first-detail\">\n<h2 class=\"program-details__title\">Programme de la formation<\/h2>\n<p class=\"text-with-new-lines\">Cette formation vise \u00e0 apporter aux participants des principes de gestion agro-\u00e9cologique des prairies p\u00e2tur\u00e9es, pour optimiser leur production tout en pr\u00e9servant les \u00e9cosyst\u00e8mes dans un contexte de changement climatique.<\/p>\n<\/div>\n<div class=\"program-detail goals\">\n<div class=\"program-detail__subtitle-container\">\n<h3 class=\"program-detail__subtitle\">Objectifs de la formation<\/h3>\n<\/div>\n<ul>\n<li class=\"list-goals\">D\u00e9velopper les connaissances agro-\u00e9cologiques des gestionnaires d&#8217;\u00e9quid\u00e9s pour optimiser efficacement la gestion des prairies et s\u00e9curiser la production fourrag\u00e8re.<\/li>\n<li class=\"list-goals\">Savoir s&#8217;adapter aux diff\u00e9rents al\u00e9as climatiques actuels, aux sp\u00e9cificit\u00e9s des terrains et aux besoins sp\u00e9cifiques des chevaux.<\/li>\n<\/ul>\n<\/div>\n<div class=\"program-detail marketing\">\n<div class=\"program-detail__subtitle-container\">\n<p class=\"program-detail__subtitle\">(suite ci-dessous)<\/p>\n<\/div>\n<\/div>\n","protected":false},"featured_media":3484,"comment_status":"open","ping_status":"closed","template":"","meta":{"neve_meta_sidebar":"","neve_meta_container":"","neve_meta_enable_content_width":"off","neve_meta_content_width":100,"neve_meta_title_alignment":"","neve_meta_author_avatar":"","neve_post_elements_order":"","neve_meta_disable_header":"","neve_meta_disable_footer":"","neve_meta_disable_title":"","neve_meta_reading_time":"","_price":"","_stock":null,"_tribe_ticket_header":"","_tribe_default_ticket_provider":"","_tribe_ticket_capacity":"","_ticket_start_date":"","_ticket_end_date":"","_tribe_ticket_show_description":"","_tribe_ticket_show_not_going":false,"_tribe_ticket_use_global_stock":"","_tribe_ticket_global_stock_level":"","_global_stock_mode":"","_global_stock_cap":"","_tribe_rsvp_for_event":"","_tribe_ticket_going_count":"","_tribe_ticket_not_going_count":"","_tribe_tickets_list":"[]","_tribe_ticket_has_attendee_info_fields":false,"_tec_slr_enabled":"","_tec_slr_layout":""},"product_brand":[],"product_cat":[18,50,17,24,35,56,19],"product_tag":[],"class_list":{"0":"post-3483","1":"product","2":"type-product","3":"status-publish","4":"has-post-thumbnail","6":"product_cat-agro-ecologie","7":"product_cat-agroforesterie","8":"product_cat-ateliers","9":"product_cat-distanciel","10":"product_cat-formation","11":"product_cat-gestion-des-prairies","12":"product_cat-presentiel","14":"first","15":"instock","16":"shipping-taxable","17":"product-type-external"},"_links":{"self":[{"href":"https:\/\/www.terres-et-chevaux.fr\/WP\/wp-json\/wp\/v2\/product\/3483","targetHints":{"allow":["GET"]}}],"collection":[{"href":"https:\/\/www.terres-et-chevaux.fr\/WP\/wp-json\/wp\/v2\/product"}],"about":[{"href":"https:\/\/www.terres-et-chevaux.fr\/WP\/wp-json\/wp\/v2\/types\/product"}],"replies":[{"embeddable":true,"href":"https:\/\/www.terres-et-chevaux.fr\/WP\/wp-json\/wp\/v2\/comments?post=3483"}],"wp:featuredmedia":[{"embeddable":true,"href":"https:\/\/www.terres-et-chevaux.fr\/WP\/wp-json\/wp\/v2\/media\/3484"}],"wp:attachment":[{"href":"https:\/\/www.terres-et-chevaux.fr\/WP\/wp-json\/wp\/v2\/media?parent=3483"}],"wp:term":[{"taxonomy":"product_brand","embeddable":true,"href":"https:\/\/www.terres-et-chevaux.fr\/WP\/wp-json\/wp\/v2\/product_brand?post=3483"},{"taxonomy":"product_cat","embeddable":true,"href":"https:\/\/www.terres-et-chevaux.fr\/WP\/wp-json\/wp\/v2\/product_cat?post=3483"},{"taxonomy":"product_tag","embeddable":true,"href":"https:\/\/www.terres-et-chevaux.fr\/WP\/wp-json\/wp\/v2\/product_tag?post=3483"}],"curies":[{"name":"wp","href":"https:\/\/api.w.org\/{rel}","templated":true}]}}

<div class="program__first-detail">
<h2 class="program-details__title">Programme de la formation</h2>
<p class="text-with-new-lines">Cette formation vise à apporter aux participants des principes de gestion agro-écologique des prairies pâturées, pour optimiser leur production tout en préservant les écosystèmes dans un contexte de changement climatique.</p>
</div>
<div class="program-detail goals">
<div class="program-detail__subtitle-container">
<h3 class="program-detail__subtitle">Objectifs de la formation</h3>
</div>
<ul>
<li class="list-goals">Développer les connaissances agro-écologiques des gestionnaires d&#8217;équidés pour optimiser efficacement la gestion des prairies et sécuriser la production fourragère.</li>
<li class="list-goals">Savoir s&#8217;adapter aux différents aléas climatiques actuels, aux spécificités des terrains et aux besoins spécifiques des chevaux.</li>
</ul>
</div>
<div class="program-detail marketing">
<div class="program-detail__subtitle-container">
<h3 class="program-detail__subtitle">Profil des bénéficiaires</h3>
</div>
<div class="subcategories">
<div class="subcategory">
<h4 class="subcategory__header">Pour qui ?</h4>
<ul>
<li>Gérants de structures équestres avec sol (zones de prairie, lande, garrigue, bois), en région Occitanie,</li>
<li>Porteurs de projet, en région Occitanie.</li>
<li>Particuliers détenteurs de chevaux.</li>
<li>Le prix de la formation est de 1012 €, la prise en charge VIVEA de 1012 €, le reste à charge de 0 € pour les personnes cotisantes. Autre public, nous contacter.</li>
</ul>
</div>
<div class="subcategory">
<h4 class="subcategory__header">Prérequis</h4>
<ul>
<li>Avoir un ordinateur ou tablette avec connexion à internet.</li>
<li>Être capable d’utiliser un logiciel de visioconférence (Zoom).</li>
</ul>
</div>
</div>
</div>
<div class="program-detail steps">
<div id="all-steps-toggler" class="steps-subtitle">
<h3 class="program-detail__subtitle">Contenu de la formation</h3>
</div>
<div class="step-block">
<ul class="list-steps">
<li class="step">
<div class="step__content">Le pâturage tournant adapté aux équins. 7h00 Distanciel FMD (asynchrone)</div>
</li>
<li class="step">
<div class="step__content">Comprendre ce qu&#8217;est un écosystème, comment il fonctionne, et pourquoi c&#8217;est important dans le cadre d&#8217;une gestion agro-écologique des prairies. Comprendre quelles sont les caractéristiques écosystémiques de son exploitation, pour pouvoir s&#8217;appuyer sur ses qualités et tenir compte de ses limites dans sa gestion du pâturage équin, afin de le préserver et l&#8217;améliorer. 7h00 Présentiel</div>
</li>
<li class="step">
<div class="step__content">Améliorer sa gestion pour sécuriser (préserver ou augmenter) sa production d&#8217;herbe, et tendre vers l’autonomie fourragère. 3h30 Présentiel</div>
</li>
<li class="step">
<div class="step__content">Réaliser de son plan de pâturage tournant personnalisé. 3h30 Présentiel</div>
</li>
<li class="step">
<div class="step__content">Mise en pratique des acquis et travaux réalisés. 3h30 Distanciel (Synchrone et asynchrone)</div>
</li>
</ul>
</div>
</div>
<div class="resources">
<div class="resources-block program-detail">
<h3 class="category-resources">Équipe pédagogique</h3>
<p class="mentoring text-with-new-lines">Marie-Laure Guénot (entreprise Terres et Chevaux), Agricultrice, conseillère agricole spécialisée dans la gestion des prairies en agro-écologie et designer d’hébergements équins, et formatrice sur ces mêmes thématiques depuis 2014.</p>
</div>
<div class="resources-block program-detail">
<h3 class="category-resources">Suivi de l&#8217;exécution et évaluation des résultats</h3>
<ul>
<li>Suivi d&#8217;exécution : modules à distance synchrones et asynchrones et modules en présentiel.</li>
<li>Evaluation des acquis par : Échanges questions-réponses au fil de la séance en présentiel, exercices, quizz.</li>
</ul>
</div>
<div class="resources-block program-detail">
<h3 class="category-resources">Ressources techniques et pédagogiques</h3>
<ul>
<li>Modules à distance : &#8211; LMS Learndash (vidéos, exercices, quizz, webinaire) &#8211; Zoom (Sondage pendant la visioconférence, sur la base de questions préparées. Échange en visioconférence)</li>
<li>En présentiel : Présentation orale avec support vidéo (projection d’un diaporama) &#8211; Sortie sur le site pour observer ses caractéristiques d&#8217;un écosystème &#8211; Exercices de conception de son plan de pâturage.</li>
</ul>
</div>
</div>
<div class="program-detail">
<div class="program-detail__subtitle-container">
<h3 class="program-detail__subtitle">Qualité et satisfaction</h3>
</div>
<div class="program-detail__content">
<div class="subcategories">
<div class="subcategory">Sur 2024, les formations réalisées par Terres et Chevaux ont reçu la note moyenne de satisfaction des stagiaires est de 9.87/10.</div>
</div>
</div>
</div>
<div class="program-detail">
<div class="program-detail__subtitle-container">
<h3 class="program-detail__subtitle">Modalités de certification</h3>
</div>
<div class="subcategories">
<div class="subcategory">
<h4 class="subcategory__header">Résultats attendus à l&#8217;issue de la formation</h4>
<ul>
<li>Les stagiaires auront atteint de nouvelles capacités pour améliorer leurs rendements en fourrages auto-produits au regard des compétences acquises sur le pâturage tournant et l&#8217;adaptation à leur écosystème.</li>
</ul>
</div>
</div>
</div>
<div class="program-detail">
<div class="program-detail__subtitle-container">
<h3 class="program-detail__subtitle">Capacité d&#8217;accueil</h3>
</div>
<div class="program-detail__content">Entre 4 et 10 apprenants</div>
</div>
<div class="program-detail">
<div class="program-detail__subtitle-container"></div>
</div>
<div class="program-detail">
<div class="program-detail__subtitle-container">
<h3 class="program-detail__subtitle">Accessibilité</h3>
</div>
<div class="program-detail__content"><span class="text-with-new-lines">Personne en situation de handicap : si besoins, contactez la référente handicap ADPSA Sandrine VIGUIE (05 65 73 77 96) afin d’étudier ensemble les adaptations à mettre en œuvre.</span></div>
</div>

<div class="program__first-detail">
<h2 class="program-details__title">Programme de la formation</h2>
<p class="text-with-new-lines">Cette formation vise à apporter aux participants des principes de gestion agro-écologique des prairies pâturées, pour optimiser leur production tout en préservant les écosystèmes dans un contexte de changement climatique.</p>
</div>
<div class="program-detail goals">
<div class="program-detail__subtitle-container">
<h3 class="program-detail__subtitle">Objectifs de la formation</h3>
</div>
<ul>
<li class="list-goals">Développer les connaissances agro-écologiques des gestionnaires d&#8217;équidés pour optimiser efficacement la gestion des prairies et sécuriser la production fourragère.</li>
<li class="list-goals">Savoir s&#8217;adapter aux différents aléas climatiques actuels, aux spécificités des terrains et aux besoins spécifiques des chevaux.</li>
</ul>
</div>
<div class="program-detail marketing">
<div class="program-detail__subtitle-container">
<p class="program-detail__subtitle">(suite ci-dessous)</p>
</div>
</div>
