{"id":352,"date":"2022-03-22T13:44:30","date_gmt":"2022-03-22T11:44:30","guid":{"rendered":"https:\/\/www.terres-et-chevaux.fr\/WP\/?post_type=product&#038;p=352"},"modified":"2025-09-09T18:10:35","modified_gmt":"2025-09-09T16:10:35","slug":"forfait-3-webinaires-les-cles-du-paturage-tournant","status":"publish","type":"product","link":"https:\/\/www.terres-et-chevaux.fr\/WP\/produit\/forfait-3-webinaires-les-cles-du-paturage-tournant\/","title":{"rendered":"FORFAIT 3 REPLAYS \u2022 Les cl\u00e9s du p\u00e2turage tournant"},"content":{"rendered":"<h3 style=\"text-align: center;\">Cycle de printemps : &#8220;<em>Les cl\u00e9s du p\u00e2turage tournant<\/em>&#8220;<\/h3>\n<p>Forfait de 3 replays de webconf\u00e9rences en ligne :<\/p>\n<ul>\n<li><strong>Comment d\u00e9couper mon terrain ?<\/strong> (avril 2022)<\/li>\n<li><strong>Des principes&#8230; \u00e0 l&#8217;observation<\/strong> (mai 2022)<\/li>\n<li><strong>Autonomie alimentaire ?<\/strong> (juin 2022)<\/li>\n<\/ul>\n<p>Dur\u00e9e indicative de chaque webconf\u00e9rence : 1h de pr\u00e9sentation, 30mn de questions.<\/p>\n<p><em>Vous souhaitez installer un syst\u00e8me de p\u00e2turage tournant pour vos \u00e9quid\u00e9s mais ne savez pas comment organiser vos parcelles ?\u00a0<\/em><em>Vous voulez apprendre \u00e0 d\u00e9terminer le bon moment pour ouvrir ou fermer vos parcelles ?\u00a0<\/em><em>Vous voulez savoir si vous pourrez \u00eatre autonome en herbe ?\u00a0<\/em><\/p>\n<div>Pendant ces webconf\u00e9rences, nous aborderons les choses suivantes :<\/div>\n<ul>\n<li>Grands principes du p\u00e2turage tournant<\/li>\n<li>Comment prendre en compte votre situation sp\u00e9cifique : vos chevaux, votre terrain<\/li>\n<li>Comment calculer le nombre de parcelles, leur surface, la r\u00e9partition des zones<\/li>\n<li>Principes : quand ouvrir une parcelle, quand la fermer, quand commencer le premier cycle du printemps, quand fermer pour l\u2019hiver<\/li>\n<li>Observables : \u00e9tat de l\u2019herbe, \u00e9tat du sol, reconnaitre le stade de pousse adapt\u00e9 aux besoins de vos chevaux<\/li>\n<li>Calcul de la surface de p\u00e2ture n\u00e9cessaire en fonction de l&#8217;effectif et des caract\u00e9ristiques du terrain<\/li>\n<li>Calcul de la surface n\u00e9cessaire \u00e0 la production de foin<\/li>\n<\/ul>\n<div><\/div>\n<div>En achetant les webconf\u00e9rences, vous avez acc\u00e8s aux trois replays pour une dur\u00e9e ind\u00e9termin\u00e9e.<\/div>\n<div><\/div>\n<p>Vous pouvez \u00e9galement vous inscrire \u00e0 l&#8217;une des 3 webconf\u00e9rences uniquement :<\/p>\n<ul>\n<li><a href=\"https:\/\/www.terres-et-chevaux.fr\/WP\/produit\/webinaire-paturage-tournant-comment-decouper-mon-terrain\/\">https:\/\/www.terres-et-chevaux.fr\/WP\/produit\/webinaire-paturage-tournant-comment-decouper-mon-terrain\/<\/a><\/li>\n<li><a href=\"https:\/\/www.terres-et-chevaux.fr\/WP\/produit\/webinaire-paturage-tournant-des-principes-a-lobservation\/\">https:\/\/www.terres-et-chevaux.fr\/WP\/produit\/webinaire-paturage-tournant-des-principes-a-lobservation\/<\/a><\/li>\n<li><a href=\"https:\/\/www.terres-et-chevaux.fr\/WP\/produit\/webinaire-paturage-tournant-autonomie-alimentaire\/\">https:\/\/www.terres-et-chevaux.fr\/WP\/produit\/webinaire-paturage-tournant-autonomie-alimentaire\/<\/a><\/li>\n<\/ul>\n<p>&nbsp;<\/p>\n","protected":false},"excerpt":{"rendered":"<h3 style=\"text-align: center;\">Cycle de printemps : &#8220;<em>Les cl\u00e9s du p\u00e2turage tournant<\/em>&#8220;<\/h3>\n<p>Forfait de 3 replays de webconf\u00e9rences en ligne :<\/p>\n<ul>\n<li><strong>Comment d\u00e9couper mon terrain ?<\/strong> (avril 2022)<\/li>\n<li><strong>Des principes&#8230; \u00e0 l&#8217;observation<\/strong> (mai 2022)<\/li>\n<li><strong>Autonomie alimentaire ?<\/strong> (juin 2022)<\/li>\n<\/ul>\n<p>Dur\u00e9e indicative de chaque webconf\u00e9rence : 1h de pr\u00e9sentation, 30mn de questions.<\/p>\n<p><em>Vous souhaitez installer un syst\u00e8me de p\u00e2turage tournant pour vos \u00e9quid\u00e9s mais ne savez pas comment organiser vos parcelles ?\u00a0<\/em><em>Vous voulez apprendre \u00e0 d\u00e9terminer le bon moment pour ouvrir ou fermer vos parcelles ?\u00a0<\/em><em>Vous voulez savoir si vous pourrez \u00eatre autonome en herbe ?\u00a0<\/em><\/p>\n","protected":false},"featured_media":852,"comment_status":"open","ping_status":"closed","template":"","meta":{"neve_meta_sidebar":"","neve_meta_container":"","neve_meta_enable_content_width":"off","neve_meta_content_width":100,"neve_meta_title_alignment":"","neve_meta_author_avatar":"","neve_post_elements_order":"","neve_meta_disable_header":"","neve_meta_disable_footer":"","neve_meta_disable_title":"","neve_meta_reading_time":"","_price":"54","_stock":null,"_tribe_ticket_header":"","_tribe_default_ticket_provider":"","_tribe_ticket_capacity":"","_ticket_start_date":"","_ticket_end_date":"","_tribe_ticket_show_description":"","_tribe_ticket_show_not_going":false,"_tribe_ticket_use_global_stock":"","_tribe_ticket_global_stock_level":"","_global_stock_mode":"","_global_stock_cap":"","_tribe_rsvp_for_event":"","_tribe_ticket_going_count":"","_tribe_ticket_not_going_count":"","_tribe_tickets_list":"[]","_tribe_ticket_has_attendee_info_fields":false,"_tec_slr_enabled":"","_tec_slr_layout":""},"product_brand":[],"product_cat":[18,24,35,39],"product_tag":[],"class_list":{"0":"post-352","1":"product","2":"type-product","3":"status-publish","4":"has-post-thumbnail","6":"product_cat-agro-ecologie","7":"product_cat-distanciel","8":"product_cat-formation","9":"product_cat-webinaires","11":"first","12":"instock","13":"sale","14":"virtual","15":"sold-individually","16":"purchasable","17":"product-type-woosb"},"_links":{"self":[{"href":"https:\/\/www.terres-et-chevaux.fr\/WP\/wp-json\/wp\/v2\/product\/352","targetHints":{"allow":["GET"]}}],"collection":[{"href":"https:\/\/www.terres-et-chevaux.fr\/WP\/wp-json\/wp\/v2\/product"}],"about":[{"href":"https:\/\/www.terres-et-chevaux.fr\/WP\/wp-json\/wp\/v2\/types\/product"}],"replies":[{"embeddable":true,"href":"https:\/\/www.terres-et-chevaux.fr\/WP\/wp-json\/wp\/v2\/comments?post=352"}],"wp:featuredmedia":[{"embeddable":true,"href":"https:\/\/www.terres-et-chevaux.fr\/WP\/wp-json\/wp\/v2\/media\/852"}],"wp:attachment":[{"href":"https:\/\/www.terres-et-chevaux.fr\/WP\/wp-json\/wp\/v2\/media?parent=352"}],"wp:term":[{"taxonomy":"product_brand","embeddable":true,"href":"https:\/\/www.terres-et-chevaux.fr\/WP\/wp-json\/wp\/v2\/product_brand?post=352"},{"taxonomy":"product_cat","embeddable":true,"href":"https:\/\/www.terres-et-chevaux.fr\/WP\/wp-json\/wp\/v2\/product_cat?post=352"},{"taxonomy":"product_tag","embeddable":true,"href":"https:\/\/www.terres-et-chevaux.fr\/WP\/wp-json\/wp\/v2\/product_tag?post=352"}],"curies":[{"name":"wp","href":"https:\/\/api.w.org\/{rel}","templated":true}]}}

FORFAIT 3 REPLAYS • Les clés du pâturage tournant

<h3 style="text-align: center;">Cycle de printemps : &#8220;<em>Les clés du pâturage tournant</em>&#8220;</h3>
<p>Forfait de 3 replays de webconférences en ligne :</p>
<ul>
<li><strong>Comment découper mon terrain ?</strong> (avril 2022)</li>
<li><strong>Des principes&#8230; à l&#8217;observation</strong> (mai 2022)</li>
<li><strong>Autonomie alimentaire ?</strong> (juin 2022)</li>
</ul>
<p>Durée indicative de chaque webconférence : 1h de présentation, 30mn de questions.</p>
<p><em>Vous souhaitez installer un système de pâturage tournant pour vos équidés mais ne savez pas comment organiser vos parcelles ? </em><em>Vous voulez apprendre à déterminer le bon moment pour ouvrir ou fermer vos parcelles ? </em><em>Vous voulez savoir si vous pourrez être autonome en herbe ? </em></p>
<div>Pendant ces webconférences, nous aborderons les choses suivantes :</div>
<ul>
<li>Grands principes du pâturage tournant</li>
<li>Comment prendre en compte votre situation spécifique : vos chevaux, votre terrain</li>
<li>Comment calculer le nombre de parcelles, leur surface, la répartition des zones</li>
<li>Principes : quand ouvrir une parcelle, quand la fermer, quand commencer le premier cycle du printemps, quand fermer pour l’hiver</li>
<li>Observables : état de l’herbe, état du sol, reconnaitre le stade de pousse adapté aux besoins de vos chevaux</li>
<li>Calcul de la surface de pâture nécessaire en fonction de l&#8217;effectif et des caractéristiques du terrain</li>
<li>Calcul de la surface nécessaire à la production de foin</li>
</ul>
<div></div>
<div>En achetant les webconférences, vous avez accès aux trois replays pour une durée indéterminée.</div>
<div></div>
<p>Vous pouvez également vous inscrire à l&#8217;une des 3 webconférences uniquement :</p>
<ul>
<li><a href="https://www.terres-et-chevaux.fr/WP/produit/webinaire-paturage-tournant-comment-decouper-mon-terrain/">https://www.terres-et-chevaux.fr/WP/produit/webinaire-paturage-tournant-comment-decouper-mon-terrain/</a></li>
<li><a href="https://www.terres-et-chevaux.fr/WP/produit/webinaire-paturage-tournant-des-principes-a-lobservation/">https://www.terres-et-chevaux.fr/WP/produit/webinaire-paturage-tournant-des-principes-a-lobservation/</a></li>
<li><a href="https://www.terres-et-chevaux.fr/WP/produit/webinaire-paturage-tournant-autonomie-alimentaire/">https://www.terres-et-chevaux.fr/WP/produit/webinaire-paturage-tournant-autonomie-alimentaire/</a></li>
</ul>
<p>&nbsp;</p>

<h3 style="text-align: center;">Cycle de printemps : &#8220;<em>Les clés du pâturage tournant</em>&#8220;</h3>
<p>Forfait de 3 replays de webconférences en ligne :</p>
<ul>
<li><strong>Comment découper mon terrain ?</strong> (avril 2022)</li>
<li><strong>Des principes&#8230; à l&#8217;observation</strong> (mai 2022)</li>
<li><strong>Autonomie alimentaire ?</strong> (juin 2022)</li>
</ul>
<p>Durée indicative de chaque webconférence : 1h de présentation, 30mn de questions.</p>
<p><em>Vous souhaitez installer un système de pâturage tournant pour vos équidés mais ne savez pas comment organiser vos parcelles ? </em><em>Vous voulez apprendre à déterminer le bon moment pour ouvrir ou fermer vos parcelles ? </em><em>Vous voulez savoir si vous pourrez être autonome en herbe ? </em></p>
