{"id":607,"date":"2022-06-19T15:19:04","date_gmt":"2022-06-19T13:19:04","guid":{"rendered":"https:\/\/www.terres-et-chevaux.fr\/WP\/?post_type=product&#038;p=607"},"modified":"2026-01-06T19:11:33","modified_gmt":"2026-01-06T17:11:33","slug":"webinaire-equi-pistes-cycle-theorique-episode-2-3-mythes-et-legendes-autour-des-equi-pistes","status":"publish","type":"product","link":"https:\/\/www.terres-et-chevaux.fr\/WP\/produit\/webinaire-equi-pistes-cycle-theorique-episode-2-3-mythes-et-legendes-autour-des-equi-pistes\/","title":{"rendered":"VID\u00c9O \u2022 Mythes et l\u00e9gendes autour des \u00e9qui-pistes"},"content":{"rendered":"<h3 style=\"text-align: center;\">\u00c9qui-pistes, Cycle th\u00e9orique<br \/>\n<strong><em>Mythes et l\u00e9gendes autour des \u00e9qui-pistes\u00a0<\/em><\/strong><\/h3>\n<div>\n<p>Replay de webconf\u00e9rence. Dur\u00e9e indicative : 1h de pr\u00e9sentation, 30mn de questions.<br \/>\nVous avez acc\u00e8s \u00e0 la vid\u00e9o \u00e0 partir de votre espace client (menu Mon compte &gt; Tableau de bord), <strong>acc\u00e8s sans limite de dur\u00e9e<\/strong>.<\/p>\n<p>Vous souhaitez concevoir une \u00e9qui-piste pour vos \u00e9quid\u00e9s ?<\/p>\n<\/div>\n<div><\/div>\n<div><\/div>\n<div>Nous vous proposons 4 s\u00e9ries successives de 3 webconf\u00e9rences, abordant chacun des \u00e9l\u00e9ments essentiels pour vous apprendre \u00e0 cr\u00e9er vous-m\u00eame un syst\u00e8me d&#8217;h\u00e9bergement sur mesure pour vos chevaux.<\/div>\n<div><\/div>\n<div><\/div>\n<div>Dans le premier cycle nous abordons <strong>toute la th\u00e9orie<\/strong> : ce qu&#8217;est une \u00e9qui-piste (\u00e9pisode 1), ce que \u00e7a n&#8217;est pas (\u00e9pisode 2), et ce que cela apporte aux chevaux (\u00e9pisode 3).<\/div>\n<div><\/div>\n<div><\/div>\n<div><span style=\"text-decoration: underline;\">Pendant cette deuxi\u00e8me webconf\u00e9rence du cycle th\u00e9orique, nous aborderons les choses suivantes :<\/span><\/div>\n<ul>\n<li>Est-ce que \u00e7a co\u00fbte cher ?<\/li>\n<li>Est-ce qu&#8217;il faut un type de terrain particulier ?<\/li>\n<li>Est-ce que c&#8217;est un syst\u00e8me bien adapt\u00e9 aux chevaux ?<\/li>\n<li>Est-ce que cela demande une logistique plus compliqu\u00e9e ?<\/li>\n<li>Est-ce qu&#8217;on peut avoir des chevaux de sport, fragiles, des poulains en \u00e9qui-piste ?<\/li>\n<\/ul>\n<div>Vous pouvez vous inscrire \u00e0 cette webconf\u00e9rence uniquement, ou bien au cycle complet \u00e0 tarif pr\u00e9f\u00e9rentiel.<\/div>\n","protected":false},"excerpt":{"rendered":"<p>Replay de webconf\u00e9rence. Dur\u00e9e indicative : 1h de pr\u00e9sentation, 30mn de questions.<br \/>\nVous avez acc\u00e8s \u00e0 la vid\u00e9o \u00e0 partir de votre espace client (menu Mon compte &gt; Tableau de bord), <strong>acc\u00e8s sans limite de dur\u00e9e<\/strong>.<\/p>\n","protected":false},"featured_media":996,"comment_status":"open","ping_status":"closed","template":"","meta":{"neve_meta_sidebar":"","neve_meta_container":"","neve_meta_enable_content_width":"off","neve_meta_content_width":100,"neve_meta_title_alignment":"","neve_meta_author_avatar":"","neve_post_elements_order":"","neve_meta_disable_header":"","neve_meta_disable_footer":"","neve_meta_disable_title":"","neve_meta_reading_time":"","_price":"21","_stock":null,"_tribe_ticket_header":"","_tribe_default_ticket_provider":"","_tribe_ticket_capacity":"","_ticket_start_date":"","_ticket_end_date":"","_tribe_ticket_show_description":"","_tribe_ticket_show_not_going":false,"_tribe_ticket_use_global_stock":"","_tribe_ticket_global_stock_level":"","_global_stock_mode":"","_global_stock_cap":"","_tribe_rsvp_for_event":"","_tribe_ticket_going_count":"","_tribe_ticket_not_going_count":"","_tribe_tickets_list":"[]","_tribe_ticket_has_attendee_info_fields":false,"_tec_slr_enabled":"","_tec_slr_layout":""},"product_brand":[],"product_cat":[34,24,39],"product_tag":[32,25,31,41],"class_list":{"0":"post-607","1":"product","2":"type-product","3":"status-publish","4":"has-post-thumbnail","6":"product_cat-design","7":"product_cat-distanciel","8":"product_cat-webinaires","9":"product_tag-design","10":"product_tag-equi-piste","11":"product_tag-hebergement-equin","12":"product_tag-webinaires","14":"first","15":"instock","16":"virtual","17":"purchasable","18":"product-type-simple"},"_links":{"self":[{"href":"https:\/\/www.terres-et-chevaux.fr\/WP\/wp-json\/wp\/v2\/product\/607","targetHints":{"allow":["GET"]}}],"collection":[{"href":"https:\/\/www.terres-et-chevaux.fr\/WP\/wp-json\/wp\/v2\/product"}],"about":[{"href":"https:\/\/www.terres-et-chevaux.fr\/WP\/wp-json\/wp\/v2\/types\/product"}],"replies":[{"embeddable":true,"href":"https:\/\/www.terres-et-chevaux.fr\/WP\/wp-json\/wp\/v2\/comments?post=607"}],"wp:featuredmedia":[{"embeddable":true,"href":"https:\/\/www.terres-et-chevaux.fr\/WP\/wp-json\/wp\/v2\/media\/996"}],"wp:attachment":[{"href":"https:\/\/www.terres-et-chevaux.fr\/WP\/wp-json\/wp\/v2\/media?parent=607"}],"wp:term":[{"taxonomy":"product_brand","embeddable":true,"href":"https:\/\/www.terres-et-chevaux.fr\/WP\/wp-json\/wp\/v2\/product_brand?post=607"},{"taxonomy":"product_cat","embeddable":true,"href":"https:\/\/www.terres-et-chevaux.fr\/WP\/wp-json\/wp\/v2\/product_cat?post=607"},{"taxonomy":"product_tag","embeddable":true,"href":"https:\/\/www.terres-et-chevaux.fr\/WP\/wp-json\/wp\/v2\/product_tag?post=607"}],"curies":[{"name":"wp","href":"https:\/\/api.w.org\/{rel}","templated":true}]}}

VIDÉO • Mythes et légendes autour des équi-pistes

<h3 style="text-align: center;">Équi-pistes, Cycle théorique<br />
<strong><em>Mythes et légendes autour des équi-pistes </em></strong></h3>
<div>
<p>Replay de webconférence. Durée indicative : 1h de présentation, 30mn de questions.<br />
Vous avez accès à la vidéo à partir de votre espace client (menu Mon compte &gt; Tableau de bord), <strong>accès sans limite de durée</strong>.</p>
<p>Vous souhaitez concevoir une équi-piste pour vos équidés ?</p>
</div>
<div></div>
<div></div>
<div>Nous vous proposons 4 séries successives de 3 webconférences, abordant chacun des éléments essentiels pour vous apprendre à créer vous-même un système d&#8217;hébergement sur mesure pour vos chevaux.</div>
<div></div>
<div></div>
<div>Dans le premier cycle nous abordons <strong>toute la théorie</strong> : ce qu&#8217;est une équi-piste (épisode 1), ce que ça n&#8217;est pas (épisode 2), et ce que cela apporte aux chevaux (épisode 3).</div>
<div></div>
<div></div>
<div><span style="text-decoration: underline;">Pendant cette deuxième webconférence du cycle théorique, nous aborderons les choses suivantes :</span></div>
<ul>
<li>Est-ce que ça coûte cher ?</li>
<li>Est-ce qu&#8217;il faut un type de terrain particulier ?</li>
<li>Est-ce que c&#8217;est un système bien adapté aux chevaux ?</li>
<li>Est-ce que cela demande une logistique plus compliquée ?</li>
<li>Est-ce qu&#8217;on peut avoir des chevaux de sport, fragiles, des poulains en équi-piste ?</li>
</ul>
<div>Vous pouvez vous inscrire à cette webconférence uniquement, ou bien au cycle complet à tarif préférentiel.</div>

<p>Replay de webconférence. Durée indicative : 1h de présentation, 30mn de questions.<br />
Vous avez accès à la vidéo à partir de votre espace client (menu Mon compte &gt; Tableau de bord), <strong>accès sans limite de durée</strong>.</p>
