{"id":660,"date":"2022-06-19T17:09:14","date_gmt":"2022-06-19T15:09:14","guid":{"rendered":"https:\/\/www.terres-et-chevaux.fr\/WP\/?post_type=product&#038;p=660"},"modified":"2025-11-05T20:04:37","modified_gmt":"2025-11-05T18:04:37","slug":"forfait-videos-equipistes-cycle-pratique","status":"publish","type":"product","link":"https:\/\/www.terres-et-chevaux.fr\/WP\/produit\/forfait-videos-equipistes-cycle-pratique\/","title":{"rendered":"FORFAIT 3 VID\u00c9OS \u2022 \u00c9qui-pistes, cycle pratique complet"},"content":{"rendered":"<h3 style=\"text-align: center;\">Webconf\u00e9rences \u00c9QUI-PISTES, Cycle pratique<\/h3>\n<div>\n<p>Replays de 3 webconf\u00e9rences. Dur\u00e9e indicative de chaque webconf\u00e9rence : 1h de pr\u00e9sentation, 30mn de questions.<br \/>\nVous avez acc\u00e8s aux vid\u00e9os \u00e0 partir de votre espace client (menu Mon compte &gt; Tableau de bord), <strong>acc\u00e8s sans limite de dur\u00e9e<\/strong>.<\/p>\n<p><em>Vous souhaitez concevoir une \u00e9qui-piste sur mesure pour vos \u00e9quid\u00e9s ?\u00a0<\/em><\/div>\n<div><\/div>\n<div>Nous vous proposons 4 s\u00e9ries successives de 3 webconf\u00e9rences, abordant chacun des \u00e9l\u00e9ments essentiels pour vous apprendre \u00e0 cr\u00e9er vous-m\u00eame un syst\u00e8me d&#8217;h\u00e9bergement sur mesure pour vos chevaux.<\/div>\n<div><\/div>\n<div>Dans le second cycle, nous abordons <strong>tous les \u00e9l\u00e9ments pratiques de base<\/strong> :<\/div>\n<ol>\n<li>\u00c9pisode 1 \u2022 <strong>Calculs de surfaces<\/strong><\/li>\n<li>\u00c9pisode 2 \u2022 <strong>Tout savoir sur les pistes<\/strong><\/li>\n<li>\u00c9pisode 3 \u2022 <strong>Tout savoir sur les ressources<\/strong><\/li>\n<\/ol>\n<div>\n<div>Pendant ces conf\u00e9rences, nous abordons les questions suivantes :<\/div>\n<ul>\n<li>Combien de surface globale ?<\/li>\n<li>Combien de lin\u00e9aire de pistes ?<\/li>\n<li>Quel ratio pistes \/ zones de ressources ?<\/li>\n<li>Quelle surface stabiliser ?<\/li>\n<li>\u00c0 quoi servent les pistes ?<\/li>\n<li>\u00c0 propos du besoin de mouvement<\/li>\n<li>Largeur, longueur, forme, d\u00e9limitation<\/li>\n<li>Dessiner a priori ou laisser faire les chevaux ?<\/li>\n<li>\u00c0 quoi servent les diff\u00e9rentes ressources ?<\/li>\n<li>Comment penser les zones ?<\/li>\n<li>Les diverses zones alimentaires<\/li>\n<li>L\u2019eau, l\u2019abri, le confort, le plaisir, la stimulation physique et cognitive<\/li>\n<\/ul>\n<\/div>\n<div><\/div>\n","protected":false},"excerpt":{"rendered":"<p>Replays de 3 webconf\u00e9rences. Dur\u00e9e indicative de chaque webconf\u00e9rence : 1h de pr\u00e9sentation, 30mn de questions.<br \/>\nVous avez acc\u00e8s aux vid\u00e9os \u00e0 partir de votre espace client (menu Mon compte &gt; Tableau de bord), <strong>acc\u00e8s sans limite de dur\u00e9e<\/strong>.<\/p>\n","protected":false},"featured_media":924,"comment_status":"open","ping_status":"closed","template":"","meta":{"neve_meta_sidebar":"","neve_meta_container":"","neve_meta_enable_content_width":"off","neve_meta_content_width":100,"neve_meta_title_alignment":"","neve_meta_author_avatar":"","neve_post_elements_order":"","neve_meta_disable_header":"","neve_meta_disable_footer":"","neve_meta_disable_title":"","neve_meta_reading_time":"","_price":"54","_stock":null,"_tribe_ticket_header":"","_tribe_default_ticket_provider":"","_tribe_ticket_capacity":"","_ticket_start_date":"","_ticket_end_date":"","_tribe_ticket_show_description":"","_tribe_ticket_show_not_going":false,"_tribe_ticket_use_global_stock":"","_tribe_ticket_global_stock_level":"","_global_stock_mode":"","_global_stock_cap":"","_tribe_rsvp_for_event":"","_tribe_ticket_going_count":"","_tribe_ticket_not_going_count":"","_tribe_tickets_list":"[]","_tribe_ticket_has_attendee_info_fields":false,"_tec_slr_enabled":"","_tec_slr_layout":""},"product_brand":[],"product_cat":[34,24,39],"product_tag":[32,25,31,41],"class_list":{"0":"post-660","1":"product","2":"type-product","3":"status-publish","4":"has-post-thumbnail","6":"product_cat-design","7":"product_cat-distanciel","8":"product_cat-webinaires","9":"product_tag-design","10":"product_tag-equi-piste","11":"product_tag-hebergement-equin","12":"product_tag-webinaires","14":"first","15":"instock","16":"sale","17":"virtual","18":"purchasable","19":"product-type-woosb"},"_links":{"self":[{"href":"https:\/\/www.terres-et-chevaux.fr\/WP\/wp-json\/wp\/v2\/product\/660","targetHints":{"allow":["GET"]}}],"collection":[{"href":"https:\/\/www.terres-et-chevaux.fr\/WP\/wp-json\/wp\/v2\/product"}],"about":[{"href":"https:\/\/www.terres-et-chevaux.fr\/WP\/wp-json\/wp\/v2\/types\/product"}],"replies":[{"embeddable":true,"href":"https:\/\/www.terres-et-chevaux.fr\/WP\/wp-json\/wp\/v2\/comments?post=660"}],"wp:featuredmedia":[{"embeddable":true,"href":"https:\/\/www.terres-et-chevaux.fr\/WP\/wp-json\/wp\/v2\/media\/924"}],"wp:attachment":[{"href":"https:\/\/www.terres-et-chevaux.fr\/WP\/wp-json\/wp\/v2\/media?parent=660"}],"wp:term":[{"taxonomy":"product_brand","embeddable":true,"href":"https:\/\/www.terres-et-chevaux.fr\/WP\/wp-json\/wp\/v2\/product_brand?post=660"},{"taxonomy":"product_cat","embeddable":true,"href":"https:\/\/www.terres-et-chevaux.fr\/WP\/wp-json\/wp\/v2\/product_cat?post=660"},{"taxonomy":"product_tag","embeddable":true,"href":"https:\/\/www.terres-et-chevaux.fr\/WP\/wp-json\/wp\/v2\/product_tag?post=660"}],"curies":[{"name":"wp","href":"https:\/\/api.w.org\/{rel}","templated":true}]}}

FORFAIT 3 VIDÉOS • Équi-pistes, cycle pratique complet

<h3 style="text-align: center;">Webconférences ÉQUI-PISTES, Cycle pratique</h3>
<div>
<p>Replays de 3 webconférences. Durée indicative de chaque webconférence : 1h de présentation, 30mn de questions.<br />
Vous avez accès aux vidéos à partir de votre espace client (menu Mon compte &gt; Tableau de bord), <strong>accès sans limite de durée</strong>.</p>
<p><em>Vous souhaitez concevoir une équi-piste sur mesure pour vos équidés ? </em></div>
<div></div>
<div>Nous vous proposons 4 séries successives de 3 webconférences, abordant chacun des éléments essentiels pour vous apprendre à créer vous-même un système d&#8217;hébergement sur mesure pour vos chevaux.</div>
<div></div>
<div>Dans le second cycle, nous abordons <strong>tous les éléments pratiques de base</strong> :</div>
<ol>
<li>Épisode 1 • <strong>Calculs de surfaces</strong></li>
<li>Épisode 2 • <strong>Tout savoir sur les pistes</strong></li>
<li>Épisode 3 • <strong>Tout savoir sur les ressources</strong></li>
</ol>
<div>
<div>Pendant ces conférences, nous abordons les questions suivantes :</div>
<ul>
<li>Combien de surface globale ?</li>
<li>Combien de linéaire de pistes ?</li>
<li>Quel ratio pistes / zones de ressources ?</li>
<li>Quelle surface stabiliser ?</li>
<li>À quoi servent les pistes ?</li>
<li>À propos du besoin de mouvement</li>
<li>Largeur, longueur, forme, délimitation</li>
<li>Dessiner a priori ou laisser faire les chevaux ?</li>
<li>À quoi servent les différentes ressources ?</li>
<li>Comment penser les zones ?</li>
<li>Les diverses zones alimentaires</li>
<li>L’eau, l’abri, le confort, le plaisir, la stimulation physique et cognitive</li>
</ul>
</div>
<div></div>

<p>Replays de 3 webconférences. Durée indicative de chaque webconférence : 1h de présentation, 30mn de questions.<br />
Vous avez accès aux vidéos à partir de votre espace client (menu Mon compte &gt; Tableau de bord), <strong>accès sans limite de durée</strong>.</p>
