{"id":931,"date":"2022-09-05T08:48:07","date_gmt":"2022-09-05T06:48:07","guid":{"rendered":"https:\/\/www.terres-et-chevaux.fr\/WP\/?post_type=product&#038;p=931"},"modified":"2024-06-26T18:08:51","modified_gmt":"2024-06-26T16:08:51","slug":"conseil-en-agroforesterie","status":"publish","type":"product","link":"https:\/\/www.terres-et-chevaux.fr\/WP\/produit\/conseil-en-agroforesterie\/","title":{"rendered":"Conseil en agroforesterie et keyline design (hydrologie r\u00e9g\u00e9n\u00e9rative)"},"content":{"rendered":"<h2 style=\"text-align: center;\">Vos objectifs<\/h2>\n<p><span style=\"font-family: -apple-system, BlinkMacSystemFont, 'Segoe UI', Roboto, Oxygen-Sans, Ubuntu, Cantarell, 'Helvetica Neue', sans-serif;\">Vous souhaitez int\u00e9grer des haies et des arbres dans votre structure \u00e9questre ? Implanter des arbres fourragers ?\u00a0<\/span><\/p>\n<p>Vous souhaitez optimiser la gestion de l\u2019eau sur votre terrain (que vous en ayez \u00ab trop \u00bb ou \u00ab pas assez)), afin qu\u2019elle alimente les r\u00e9serves du sous-sol pour mieux g\u00e9rer les p\u00e9riodes de s\u00e9cheresse ?<\/p>\n<p><span style=\"font-family: -apple-system, BlinkMacSystemFont, 'Segoe UI', Roboto, Oxygen-Sans, Ubuntu, Cantarell, 'Helvetica Neue', sans-serif;\">Nous \u00e9tudions votre demande particuli\u00e8re, et nous \u00e9laborons pour vous un plan d&#8217;implantation d&#8217;arbres et de dispositifs de gestion de l\u2019eau sur mesure en fonction de vos besoins, assorti d&#8217;un document explicatif vous apportant des r\u00e9ponses concr\u00e8tes adapt\u00e9es \u00e0 sa mise en \u0153uvre.\u00a0<\/span><\/p>\n<h2 style=\"text-align: center;\">Le d\u00e9roulement<\/h2>\n<ul>\n<li>Nous convenons d\u2019un rendez-vous pour une visite sur site (*) ou nous vous envoyons un questionnaire de recueil d\u2019informations \u00e0 distance et nous pr\u00e9voyons d\u2019un temps d\u2019\u00e9change en visio.<\/li>\n<li>Nous d\u00e9terminons ensemble l\u2019objet de la prestation : cr\u00e9ation de haies, bosquets, production fourrag\u00e8re, ombre, services \u00e9cosyst\u00e9miques \u00e0 prendre en compte en priorit\u00e9, probl\u00e9matiques de l\u2019eau chez vous, etc.<\/li>\n<li>Nous \u00e9tudions votre situation en fonction des informations fournies, et nous vous remettons un document de synth\u00e8se comprenant un descriptif d\u00e9taill\u00e9 de chacun des \u00e9l\u00e9ments permettant de r\u00e9pondre \u00e0 votre probl\u00e9matique.<\/li>\n<li>Nous convenons d\u2019un nouveau rendez-vous en visio, afin de r\u00e9pondre \u00e0 vos questions sur la synth\u00e8se fournie.<\/li>\n<\/ul>\n<p>(*) La visite sur site fera l&#8217;objet d&#8217;une note de frais de d\u00e9placement suppl\u00e9mentaire selon les taux en vigueur.<\/p>\n<h2 style=\"text-align: center;\">Ce que vous obtenez<\/h2>\n<ul>\n<li>Un accompagnement professionnel dans le choix de l&#8217;implantation des arbres, des essences \u00e0 favoriser et \u00e0 \u00e9viter, et de gestion, les plus adapt\u00e9s \u00e0 votre situation.<\/li>\n<li>Un plan sur mesure, d\u00e9taill\u00e9 et l\u00e9gend\u00e9 des dispositifs de gestion de l\u2019eau et des arbres \u00e0 planter sur le site avec les listes d&#8217;essences pour chaque zone, en fonction des \u00e9l\u00e9ments fournis.<\/li>\n<li>Un document explicatif qui peut \u00eatre utilis\u00e9 \u00e0 la fois en tant que feuille de route pour la cr\u00e9ation et l&#8217;entretien de vos haies, et aussi en tant que support de pr\u00e9sentation \u00e0 fournir directement \u00e0 votre p\u00e9pini\u00e9riste ou aux institutions proposant des aides \u00e0 l&#8217;agroforesterie.<\/li>\n<\/ul>\n<p>NB : Cette \u00e9tude peut \u00eatre int\u00e9gr\u00e9e dans une \u00e9tude plus compl\u00e8te dans le cadre d&#8217;une prestation &#8220;grand format&#8221;.<\/p>\n<h2 style=\"text-align: center;\">Des questions ?<\/h2>\n<p>Vous pouvez prendre rendez-vous pour un entretien <a href=\"https:\/\/calendly.com\/terres-et-chevaux\/rendez-vous\">en cliquant ici<\/a>, ou nous envoyer directement vos questions en remplissant le formulaire suivant, nous y r\u00e9pondrons avec plaisir.<\/p>\n<p>[contact-form][contact-field label=&#8221;Nom&#8221; type=&#8221;name&#8221; required=&#8221;true&#8221; \/][contact-field label=&#8221;E-mail&#8221; type=&#8221;email&#8221; required=&#8221;true&#8221; \/][contact-field label=&#8221;Site web&#8221; type=&#8221;url&#8221; \/][contact-field label=&#8221;Message&#8221; type=&#8221;textarea&#8221; \/][\/contact-form]<\/p>\n<p>&nbsp;<\/p>\n","protected":false},"excerpt":{"rendered":"<h2>Agroforesterie :<\/h2>\n<ul>\n<li>Un accompagnement professionnel dans le choix de l&#8217;implantation des arbres, des essences \u00e0 favoriser et \u00e0 \u00e9viter, et de gestion, les plus adapt\u00e9s \u00e0 votre situation.<\/li>\n<li>Un plan sur mesure, d\u00e9taill\u00e9 et l\u00e9gend\u00e9 des arbres \u00e0 planter sur le site avec les listes d&#8217;essences pour chaque zone, en fonction des \u00e9l\u00e9ments fournis.<\/li>\n<li>Un document explicatif qui peut \u00eatre utilis\u00e9 \u00e0 la fois en tant que feuille de route pour la cr\u00e9ation et l&#8217;entretien de vos haies, et aussi en tant que support de pr\u00e9sentation \u00e0 fournir directement \u00e0 votre p\u00e9pini\u00e9riste ou aux institutions proposant des aides \u00e0 l&#8217;agroforesterie.<\/li>\n<\/ul>\n","protected":false},"featured_media":89,"comment_status":"open","ping_status":"closed","template":"","meta":{"neve_meta_sidebar":"","neve_meta_container":"","neve_meta_enable_content_width":"off","neve_meta_content_width":100,"neve_meta_title_alignment":"","neve_meta_author_avatar":"","neve_post_elements_order":"","neve_meta_disable_header":"","neve_meta_disable_footer":"","neve_meta_disable_title":"","neve_meta_reading_time":"","_price":"","_stock":null,"_tribe_ticket_header":"","_tribe_default_ticket_provider":"","_tribe_ticket_capacity":"","_ticket_start_date":"","_ticket_end_date":"","_tribe_ticket_show_description":"","_tribe_ticket_show_not_going":false,"_tribe_ticket_use_global_stock":"","_tribe_ticket_global_stock_level":"","_global_stock_mode":"","_global_stock_cap":"","_tribe_rsvp_for_event":"","_tribe_ticket_going_count":"","_tribe_ticket_not_going_count":"","_tribe_tickets_list":"[]","_tribe_ticket_has_attendee_info_fields":false,"_tec_slr_enabled":"","_tec_slr_layout":""},"product_brand":[],"product_cat":[18,50,30],"product_tag":[33,59,62,66,65,27,64,63],"class_list":{"0":"post-931","1":"product","2":"type-product","3":"status-publish","4":"has-post-thumbnail","6":"product_cat-agro-ecologie","7":"product_cat-agroforesterie","8":"product_cat-conseil","9":"product_tag-accompagnement","10":"product_tag-agro-ecologie","11":"product_tag-agroforesterie","12":"product_tag-arbres","13":"product_tag-arbres-fourragers","14":"product_tag-conseil","15":"product_tag-fourrages-ligneux","16":"product_tag-haies","18":"first","19":"instock","20":"virtual","21":"product-type-simple"},"_links":{"self":[{"href":"https:\/\/www.terres-et-chevaux.fr\/WP\/wp-json\/wp\/v2\/product\/931","targetHints":{"allow":["GET"]}}],"collection":[{"href":"https:\/\/www.terres-et-chevaux.fr\/WP\/wp-json\/wp\/v2\/product"}],"about":[{"href":"https:\/\/www.terres-et-chevaux.fr\/WP\/wp-json\/wp\/v2\/types\/product"}],"replies":[{"embeddable":true,"href":"https:\/\/www.terres-et-chevaux.fr\/WP\/wp-json\/wp\/v2\/comments?post=931"}],"wp:featuredmedia":[{"embeddable":true,"href":"https:\/\/www.terres-et-chevaux.fr\/WP\/wp-json\/wp\/v2\/media\/89"}],"wp:attachment":[{"href":"https:\/\/www.terres-et-chevaux.fr\/WP\/wp-json\/wp\/v2\/media?parent=931"}],"wp:term":[{"taxonomy":"product_brand","embeddable":true,"href":"https:\/\/www.terres-et-chevaux.fr\/WP\/wp-json\/wp\/v2\/product_brand?post=931"},{"taxonomy":"product_cat","embeddable":true,"href":"https:\/\/www.terres-et-chevaux.fr\/WP\/wp-json\/wp\/v2\/product_cat?post=931"},{"taxonomy":"product_tag","embeddable":true,"href":"https:\/\/www.terres-et-chevaux.fr\/WP\/wp-json\/wp\/v2\/product_tag?post=931"}],"curies":[{"name":"wp","href":"https:\/\/api.w.org\/{rel}","templated":true}]}}

Conseil en agroforesterie et keyline design (hydrologie régénérative)

<h2 style="text-align: center;">Vos objectifs</h2>
<p><span style="font-family: -apple-system, BlinkMacSystemFont, 'Segoe UI', Roboto, Oxygen-Sans, Ubuntu, Cantarell, 'Helvetica Neue', sans-serif;">Vous souhaitez intégrer des haies et des arbres dans votre structure équestre ? Implanter des arbres fourragers ? </span></p>
<p>Vous souhaitez optimiser la gestion de l’eau sur votre terrain (que vous en ayez « trop » ou « pas assez)), afin qu’elle alimente les réserves du sous-sol pour mieux gérer les périodes de sécheresse ?</p>
<p><span style="font-family: -apple-system, BlinkMacSystemFont, 'Segoe UI', Roboto, Oxygen-Sans, Ubuntu, Cantarell, 'Helvetica Neue', sans-serif;">Nous étudions votre demande particulière, et nous élaborons pour vous un plan d&#8217;implantation d&#8217;arbres et de dispositifs de gestion de l’eau sur mesure en fonction de vos besoins, assorti d&#8217;un document explicatif vous apportant des réponses concrètes adaptées à sa mise en œuvre. </span></p>
<h2 style="text-align: center;">Le déroulement</h2>
<ul>
<li>Nous convenons d’un rendez-vous pour une visite sur site (*) ou nous vous envoyons un questionnaire de recueil d’informations à distance et nous prévoyons d’un temps d’échange en visio.</li>
<li>Nous déterminons ensemble l’objet de la prestation : création de haies, bosquets, production fourragère, ombre, services écosystémiques à prendre en compte en priorité, problématiques de l’eau chez vous, etc.</li>
<li>Nous étudions votre situation en fonction des informations fournies, et nous vous remettons un document de synthèse comprenant un descriptif détaillé de chacun des éléments permettant de répondre à votre problématique.</li>
<li>Nous convenons d’un nouveau rendez-vous en visio, afin de répondre à vos questions sur la synthèse fournie.</li>
</ul>
<p>(*) La visite sur site fera l&#8217;objet d&#8217;une note de frais de déplacement supplémentaire selon les taux en vigueur.</p>
<h2 style="text-align: center;">Ce que vous obtenez</h2>
<ul>
<li>Un accompagnement professionnel dans le choix de l&#8217;implantation des arbres, des essences à favoriser et à éviter, et de gestion, les plus adaptés à votre situation.</li>
<li>Un plan sur mesure, détaillé et légendé des dispositifs de gestion de l’eau et des arbres à planter sur le site avec les listes d&#8217;essences pour chaque zone, en fonction des éléments fournis.</li>
<li>Un document explicatif qui peut être utilisé à la fois en tant que feuille de route pour la création et l&#8217;entretien de vos haies, et aussi en tant que support de présentation à fournir directement à votre pépiniériste ou aux institutions proposant des aides à l&#8217;agroforesterie.</li>
</ul>
<p>NB : Cette étude peut être intégrée dans une étude plus complète dans le cadre d&#8217;une prestation &#8220;grand format&#8221;.</p>
<h2 style="text-align: center;">Des questions ?</h2>
<p>Vous pouvez prendre rendez-vous pour un entretien <a href="https://calendly.com/terres-et-chevaux/rendez-vous">en cliquant ici</a>, ou nous envoyer directement vos questions en remplissant le formulaire suivant, nous y répondrons avec plaisir.</p>
<p>[contact-form][contact-field label=&#8221;Nom&#8221; type=&#8221;name&#8221; required=&#8221;true&#8221; /][contact-field label=&#8221;E-mail&#8221; type=&#8221;email&#8221; required=&#8221;true&#8221; /][contact-field label=&#8221;Site web&#8221; type=&#8221;url&#8221; /][contact-field label=&#8221;Message&#8221; type=&#8221;textarea&#8221; /][/contact-form]</p>
<p>&nbsp;</p>

<h2>Agroforesterie :</h2>
<ul>
<li>Un accompagnement professionnel dans le choix de l&#8217;implantation des arbres, des essences à favoriser et à éviter, et de gestion, les plus adaptés à votre situation.</li>
<li>Un plan sur mesure, détaillé et légendé des arbres à planter sur le site avec les listes d&#8217;essences pour chaque zone, en fonction des éléments fournis.</li>
<li>Un document explicatif qui peut être utilisé à la fois en tant que feuille de route pour la création et l&#8217;entretien de vos haies, et aussi en tant que support de présentation à fournir directement à votre pépiniériste ou aux institutions proposant des aides à l&#8217;agroforesterie.</li>
</ul>
