{"id":940,"date":"2022-09-05T10:01:08","date_gmt":"2022-09-05T08:01:08","guid":{"rendered":"https:\/\/www.terres-et-chevaux.fr\/WP\/?post_type=product&#038;p=940"},"modified":"2024-09-09T13:03:32","modified_gmt":"2024-09-09T11:03:32","slug":"conseil-en-amelioration-de-structure-equestre","status":"publish","type":"product","link":"https:\/\/www.terres-et-chevaux.fr\/WP\/produit\/conseil-en-amelioration-de-structure-equestre\/","title":{"rendered":"Audit d&#8217;\u00e9curie"},"content":{"rendered":"<h2 style=\"text-align: center;\">Vos objectifs<\/h2>\n<p>Vous avez d\u00e9j\u00e0 votre structure, et vous souhaitez faire un bilan des am\u00e9liorations \u00e0 apporter pour vos chevaux, pour vous-m\u00eame, ou pour la protection de l&#8217;environnement ?<\/p>\n<p><span style=\"font-family: -apple-system, BlinkMacSystemFont, 'Segoe UI', Roboto, Oxygen-Sans, Ubuntu, Cantarell, 'Helvetica Neue', sans-serif;\">Nous \u00e9tudions votre demande particuli\u00e8re, et nous vous accompagnons dans l&#8217;\u00e9laboration d&#8217;un plan d&#8217;am\u00e9lioration sur mesure, adapt\u00e9 \u00e0 vos souhaits, aux besoins de vos chevaux et \u00e0 l&#8217;environnement dans lequel vous vous ins\u00e9rerez, assorti d&#8217;un document explicatif vous apportant des r\u00e9ponses concr\u00e8tes adapt\u00e9es \u00e0 sa mise en \u0153uvre.\u00a0<\/span><\/p>\n<h2 style=\"text-align: center;\">Le d\u00e9roulement<\/h2>\n<ul>\n<li>Nous convenons d&#8217;un rendez-vous pour une visite de site (*), ou nous vous envoyons un questionnaire de recueil d\u2019informations \u00e0 distance et nous pr\u00e9voyons d\u2019un temps d\u2019\u00e9change en visio.<\/li>\n<li>Nous d\u00e9terminons ensemble l\u2019objet de la prestation :\n<ul>\n<li>Est-ce que mon syst\u00e8me d&#8217;h\u00e9bergement est conforme \u00e0 la Charte pour le bien-\u00eatre \u00e9quin, et sinon comment l&#8217;am\u00e9liorer ?<\/li>\n<li>Puis-je \u00eatre autonome en herbe \/ en foin ?<\/li>\n<li>Comment am\u00e9liorer la gestion de mes prairies pour augmenter la productivit\u00e9 de mes prairies ?<\/li>\n<li>Comment all\u00e9ger ma charge de travail tout en pr\u00e9servant le confort et le bien-\u00eatre des chevaux ?<\/li>\n<li>Dans quel mat\u00e9riel d&#8217;\u00e9curie investir en fonction de mes besoins sp\u00e9cifiques ?<\/li>\n<\/ul>\n<\/li>\n<li>Nous \u00e9tudions votre situation en fonction des informations fournies, et nous vous remettons un document de synth\u00e8se comprenant un descriptif d\u00e9taill\u00e9 de chacun des \u00e9l\u00e9ments permettant de r\u00e9pondre \u00e0 votre probl\u00e9matique.<\/li>\n<li>Nous convenons d\u2019un nouveau rendez-vous en visio, afin de r\u00e9pondre \u00e0 vos questions sur la synth\u00e8se fournie.<\/li>\n<\/ul>\n<p>(*) Le cas \u00e9ch\u00e9ant, la visite sur site fera l&#8217;objet d&#8217;une note de frais de d\u00e9placement suppl\u00e9mentaire selon les taux en vigueur.<\/p>\n<h2 style=\"text-align: center;\">Ce que vous obtenez<\/h2>\n<ul>\n<li>Un accompagnement professionnel pour vous guider dans les choix d&#8217;am\u00e9lioration de votre entreprise \u00e9questre, ainsi que dans vos choix commerciaux et dans l&#8217;organisation de votre \u00e9curie et de votre travail, en fonction de vos envies, pour assurer le bien-\u00eatre de vos chevaux ainsi que le v\u00f4tre, dans le respect de l&#8217;\u00e9cosyst\u00e8me.<\/li>\n<li>Un document explicatif qui peut \u00eatre utilis\u00e9 en tant que feuille de route pour la modification progressive de votre entreprise.<\/li>\n<\/ul>\n<p>NB : Cette \u00e9tude peut \u00eatre int\u00e9gr\u00e9e dans une \u00e9tude plus compl\u00e8te dans le cadre d&#8217;une prestation &#8220;grand format&#8221;.<\/p>\n<h2 style=\"text-align: center;\">Des questions ?<\/h2>\n<p>Vous pouvez prendre rendez-vous pour un entretien <a href=\"https:\/\/calendly.com\/terres-et-chevaux\/rendez-vous\">en cliquant ici<\/a>, ou nous envoyer directement vos questions en remplissant le formulaire suivant, nous y r\u00e9pondrons avec plaisir.<\/p>\n<p>[contact-form][contact-field label=&#8221;Nom&#8221; type=&#8221;name&#8221; required=&#8221;true&#8221; \/][contact-field label=&#8221;E-mail&#8221; type=&#8221;email&#8221; required=&#8221;true&#8221; \/][contact-field label=&#8221;Site web&#8221; type=&#8221;url&#8221; \/][contact-field label=&#8221;Message&#8221; type=&#8221;textarea&#8221; \/][\/contact-form]<\/p>\n<p>&nbsp;<\/p>\n","protected":false},"excerpt":{"rendered":"<h2>Accompagnement \u00e0 l&#8217;am\u00e9lioration d&#8217;une infrastructure \u00e9questre :<\/h2>\n<ul>\n<li>Un accompagnement professionnel pour vous guider dans les choix d&#8217;am\u00e9lioration de votre entreprise \u00e9questre, ainsi que dans vos choix commerciaux et dans l&#8217;organisation de votre \u00e9curie et de votre travail, en fonction de vos envies, pour assurer le bien-\u00eatre de vos chevaux ainsi que le v\u00f4tre, dans le respect de l&#8217;\u00e9cosyst\u00e8me.<\/li>\n<li>Un document explicatif qui peut \u00eatre utilis\u00e9 en tant que feuille de route pour la modification progressive de votre entreprise.<\/li>\n<\/ul>\n","protected":false},"featured_media":317,"comment_status":"open","ping_status":"closed","template":"","meta":{"neve_meta_sidebar":"","neve_meta_container":"","neve_meta_enable_content_width":"off","neve_meta_content_width":100,"neve_meta_title_alignment":"","neve_meta_author_avatar":"","neve_post_elements_order":"","neve_meta_disable_header":"","neve_meta_disable_footer":"","neve_meta_disable_title":"","neve_meta_reading_time":"","_price":"","_stock":null,"_tribe_ticket_header":"","_tribe_default_ticket_provider":"","_tribe_ticket_capacity":"","_ticket_start_date":"","_ticket_end_date":"","_tribe_ticket_show_description":"","_tribe_ticket_show_not_going":false,"_tribe_ticket_use_global_stock":"","_tribe_ticket_global_stock_level":"","_global_stock_mode":"","_global_stock_cap":"","_tribe_rsvp_for_event":"","_tribe_ticket_going_count":"","_tribe_ticket_not_going_count":"","_tribe_tickets_list":"[]","_tribe_ticket_has_attendee_info_fields":false,"_tec_slr_enabled":"","_tec_slr_layout":""},"product_brand":[],"product_cat":[18,30],"product_tag":[33,59,69,27,70],"class_list":{"0":"post-940","1":"product","2":"type-product","3":"status-publish","4":"has-post-thumbnail","6":"product_cat-agro-ecologie","7":"product_cat-conseil","8":"product_tag-accompagnement","9":"product_tag-agro-ecologie","10":"product_tag-amelioration-decurie","11":"product_tag-conseil","12":"product_tag-transformation-decurie","14":"first","15":"instock","16":"virtual","17":"product-type-simple"},"_links":{"self":[{"href":"https:\/\/www.terres-et-chevaux.fr\/WP\/wp-json\/wp\/v2\/product\/940","targetHints":{"allow":["GET"]}}],"collection":[{"href":"https:\/\/www.terres-et-chevaux.fr\/WP\/wp-json\/wp\/v2\/product"}],"about":[{"href":"https:\/\/www.terres-et-chevaux.fr\/WP\/wp-json\/wp\/v2\/types\/product"}],"replies":[{"embeddable":true,"href":"https:\/\/www.terres-et-chevaux.fr\/WP\/wp-json\/wp\/v2\/comments?post=940"}],"wp:featuredmedia":[{"embeddable":true,"href":"https:\/\/www.terres-et-chevaux.fr\/WP\/wp-json\/wp\/v2\/media\/317"}],"wp:attachment":[{"href":"https:\/\/www.terres-et-chevaux.fr\/WP\/wp-json\/wp\/v2\/media?parent=940"}],"wp:term":[{"taxonomy":"product_brand","embeddable":true,"href":"https:\/\/www.terres-et-chevaux.fr\/WP\/wp-json\/wp\/v2\/product_brand?post=940"},{"taxonomy":"product_cat","embeddable":true,"href":"https:\/\/www.terres-et-chevaux.fr\/WP\/wp-json\/wp\/v2\/product_cat?post=940"},{"taxonomy":"product_tag","embeddable":true,"href":"https:\/\/www.terres-et-chevaux.fr\/WP\/wp-json\/wp\/v2\/product_tag?post=940"}],"curies":[{"name":"wp","href":"https:\/\/api.w.org\/{rel}","templated":true}]}}

Audit d&#8217;écurie

<h2 style="text-align: center;">Vos objectifs</h2>
<p>Vous avez déjà votre structure, et vous souhaitez faire un bilan des améliorations à apporter pour vos chevaux, pour vous-même, ou pour la protection de l&#8217;environnement ?</p>
<p><span style="font-family: -apple-system, BlinkMacSystemFont, 'Segoe UI', Roboto, Oxygen-Sans, Ubuntu, Cantarell, 'Helvetica Neue', sans-serif;">Nous étudions votre demande particulière, et nous vous accompagnons dans l&#8217;élaboration d&#8217;un plan d&#8217;amélioration sur mesure, adapté à vos souhaits, aux besoins de vos chevaux et à l&#8217;environnement dans lequel vous vous insérerez, assorti d&#8217;un document explicatif vous apportant des réponses concrètes adaptées à sa mise en œuvre. </span></p>
<h2 style="text-align: center;">Le déroulement</h2>
<ul>
<li>Nous convenons d&#8217;un rendez-vous pour une visite de site (*), ou nous vous envoyons un questionnaire de recueil d’informations à distance et nous prévoyons d’un temps d’échange en visio.</li>
<li>Nous déterminons ensemble l’objet de la prestation :
<ul>
<li>Est-ce que mon système d&#8217;hébergement est conforme à la Charte pour le bien-être équin, et sinon comment l&#8217;améliorer ?</li>
<li>Puis-je être autonome en herbe / en foin ?</li>
<li>Comment améliorer la gestion de mes prairies pour augmenter la productivité de mes prairies ?</li>
<li>Comment alléger ma charge de travail tout en préservant le confort et le bien-être des chevaux ?</li>
<li>Dans quel matériel d&#8217;écurie investir en fonction de mes besoins spécifiques ?</li>
</ul>
</li>
<li>Nous étudions votre situation en fonction des informations fournies, et nous vous remettons un document de synthèse comprenant un descriptif détaillé de chacun des éléments permettant de répondre à votre problématique.</li>
<li>Nous convenons d’un nouveau rendez-vous en visio, afin de répondre à vos questions sur la synthèse fournie.</li>
</ul>
<p>(*) Le cas échéant, la visite sur site fera l&#8217;objet d&#8217;une note de frais de déplacement supplémentaire selon les taux en vigueur.</p>
<h2 style="text-align: center;">Ce que vous obtenez</h2>
<ul>
<li>Un accompagnement professionnel pour vous guider dans les choix d&#8217;amélioration de votre entreprise équestre, ainsi que dans vos choix commerciaux et dans l&#8217;organisation de votre écurie et de votre travail, en fonction de vos envies, pour assurer le bien-être de vos chevaux ainsi que le vôtre, dans le respect de l&#8217;écosystème.</li>
<li>Un document explicatif qui peut être utilisé en tant que feuille de route pour la modification progressive de votre entreprise.</li>
</ul>
<p>NB : Cette étude peut être intégrée dans une étude plus complète dans le cadre d&#8217;une prestation &#8220;grand format&#8221;.</p>
<h2 style="text-align: center;">Des questions ?</h2>
<p>Vous pouvez prendre rendez-vous pour un entretien <a href="https://calendly.com/terres-et-chevaux/rendez-vous">en cliquant ici</a>, ou nous envoyer directement vos questions en remplissant le formulaire suivant, nous y répondrons avec plaisir.</p>
<p>[contact-form][contact-field label=&#8221;Nom&#8221; type=&#8221;name&#8221; required=&#8221;true&#8221; /][contact-field label=&#8221;E-mail&#8221; type=&#8221;email&#8221; required=&#8221;true&#8221; /][contact-field label=&#8221;Site web&#8221; type=&#8221;url&#8221; /][contact-field label=&#8221;Message&#8221; type=&#8221;textarea&#8221; /][/contact-form]</p>
<p>&nbsp;</p>

<h2>Accompagnement à l&#8217;amélioration d&#8217;une infrastructure équestre :</h2>
<ul>
<li>Un accompagnement professionnel pour vous guider dans les choix d&#8217;amélioration de votre entreprise équestre, ainsi que dans vos choix commerciaux et dans l&#8217;organisation de votre écurie et de votre travail, en fonction de vos envies, pour assurer le bien-être de vos chevaux ainsi que le vôtre, dans le respect de l&#8217;écosystème.</li>
<li>Un document explicatif qui peut être utilisé en tant que feuille de route pour la modification progressive de votre entreprise.</li>
</ul>
