{"id":4724,"date":"2026-04-28T19:12:11","date_gmt":"2026-04-28T17:12:11","guid":{"rendered":"https:\/\/www.terres-et-chevaux.fr\/WP\/?post_type=tribe_events&#038;p=4724"},"modified":"2026-04-28T19:57:57","modified_gmt":"2026-04-28T17:57:57","slug":"gerer-ses-prairies-equines-en-agro-ecologie-gironde-33","status":"publish","type":"tribe_events","link":"https:\/\/www.terres-et-chevaux.fr\/WP\/evenement\/gerer-ses-prairies-equines-en-agro-ecologie-gironde-33\/","title":{"rendered":"G\u00e9rer ses prairies \u00e9quines en agro-\u00e9cologie \u2022 Gironde (33)"},"content":{"rendered":"<h3 class=\"font-claude-response-body break-words whitespace-normal leading-[1.7]\" style=\"text-align: center;\"><strong>\ud83c\udf3f Formation &#8220;<em>G\u00e9rer ses prairies \u00e9quines en agro-\u00e9cologie<\/em>&#8221; <\/strong><strong>\ud83c\udf3f<br \/>\n<\/strong><strong>13 &amp; 14 juin 2026<br \/>\nGours (33660) &#8211; Gironde \/ proche Dordogne<\/strong><\/h3>\n<blockquote>\n<p class=\"font-claude-response-body break-words whitespace-normal leading-[1.7]\"><span style=\"color: #008000;\">Deux jours en pr\u00e9sentiel (salle + terrain) pour apprendre \u00e0 g\u00e9rer vos prairies de mani\u00e8re durable, productive et adapt\u00e9e aux chevaux.<\/span><\/p>\n<\/blockquote>\n<p class=\"font-claude-response-body break-words whitespace-normal leading-[1.7]\"><strong>\ud83c\udf3f Ce que vous apprendrez :<\/strong><\/p>\n<ul>\n<li class=\"font-claude-response-body break-words whitespace-normal leading-[1.7]\">Comprendre le fonctionnement de votre \u00e9cosyst\u00e8me prairial (sol vivant, flore, cycle de l&#8217;eau)<\/li>\n<li class=\"font-claude-response-body break-words whitespace-normal leading-[1.7]\">R\u00e9aliser un diagnostic agro-\u00e9cologique de vos parcelles<\/li>\n<li class=\"font-claude-response-body break-words whitespace-normal leading-[1.7]\">Dimensionner et mettre en place un p\u00e2turage tournant adapt\u00e9 \u00e0 vos effectifs<\/li>\n<li class=\"font-claude-response-body break-words whitespace-normal leading-[1.7]\">Anticiper les situations \u00e0 risque (surp\u00e2turage, s\u00e9cheresse)<\/li>\n<li class=\"font-claude-response-body break-words whitespace-normal leading-[1.7]\">Renforcer votre autonomie fourrag\u00e8re et la r\u00e9silience climatique de votre syst\u00e8me.<\/li>\n<\/ul>\n<p>Vous repartirez avec un plan d&#8217;action personnalis\u00e9.<\/p>\n<p class=\"font-claude-response-body break-words whitespace-normal leading-[1.7]\"><strong>\ud83c\udf3f Pour qui ?<\/strong> G\u00e9rant\u00b7es de structures \u00e9questres (centres \u00e9questres, \u00e9curies, \u00e9levages\u2026), porteur\u00b7euses de projet et particulier\u00b7es d\u00e9tenteur\u00b7ices de chevaux en Gironde, Dordogne ou alentours (ou m\u00eame de plus loin !).<\/p>\n<p class=\"font-claude-response-body break-words whitespace-normal leading-[1.7]\"><strong>\ud83c\udf3f Tarifs :<\/strong><\/p>\n<ul>\n<li class=\"font-claude-response-body break-words whitespace-normal leading-[1.7]\"><span style=\"text-decoration: underline;\">Contributeurs VIVEA<\/span> : 434 \u20ac pris en charge sous r\u00e9serve d&#8217;\u00e9ligibilit\u00e9 + 50 \u20ac de reste \u00e0 charge<\/li>\n<li class=\"font-claude-response-body break-words whitespace-normal leading-[1.7]\"><span style=\"text-decoration: underline;\">Salari\u00e9\u00b7es<\/span> (OPCO, y compris professions non agricoles) : 50\u20ac d&#8217;acompte + 484 \u20ac en cas de prise en charge par votre fonds de formation (sinon, tarif auto-financement ci-dessous)<\/li>\n<li><span style=\"text-decoration: underline;\">Ind\u00e9pendant\u00b7es<\/span> (OPCO, y compris professions non agricoles) : 50\u20ac d&#8217;acompte + 484 \u20ac en cas de prise en charge par votre fonds de formation (sinon, tarif auto-financement ci-dessous)<\/li>\n<li class=\"font-claude-response-body break-words whitespace-normal leading-[1.7]\"><span style=\"text-decoration: underline;\">Particulier\u00b7es en autofinancement<\/span> : 50 \u20ac d&#8217;acompte \u00e0 l&#8217;inscription + 200 \u20ac de solde \u00e0 la fin de la formation.<\/li>\n<\/ul>\n<p class=\"font-claude-response-body break-words whitespace-normal leading-[1.7]\"><strong>\ud83c\udf3f Infos pratiques :<\/strong><\/p>\n<ul>\n<li class=\"font-claude-response-body break-words whitespace-normal leading-[1.7]\"><span style=\"text-decoration: underline;\">Lieu<\/span> : Domaine du Villemont, 68 impasse du petit Villemont, 33660 Gours<\/li>\n<li class=\"font-claude-response-body break-words whitespace-normal leading-[1.7]\"><span style=\"text-decoration: underline;\">Horaires<\/span> : 9h30 &#8211; 17h30 le samedi, 9h00 &#8211; 17h00 le dimanche<\/li>\n<li class=\"font-claude-response-body break-words whitespace-normal leading-[1.7]\">6 \u00e0 12 participant\u00b7es<\/li>\n<li class=\"font-claude-response-body break-words whitespace-normal leading-[1.7]\">Aucun pr\u00e9requis<\/li>\n<li class=\"font-claude-response-body break-words whitespace-normal leading-[1.7]\">Accessibilit\u00e9 handicap : contactez Camille Lardoux au 06 86 74 89 42 ou \u00e0 l&#8217;adresse domaineduvillemont@gmail.com<\/li>\n<\/ul>\n<p class=\"font-claude-response-body break-words whitespace-normal leading-[1.7]\"><strong>\ud83c\udf3f Taux de satisfaction des formations : 9,5\/10<\/strong> sur les sessions pr\u00e9c\u00e9dentes.<\/p>\n<p class=\"font-claude-response-body break-words whitespace-normal leading-[1.7]\"><strong>\ud83c\udf3f Formatrice :<\/strong> Marie-Laure Gu\u00e9not, de TERRES ET CHEVAUX. Conseill\u00e8re agricole, designer d&#8217;h\u00e9bergements \u00e9quins et formatrice depuis 2014.<\/p>\n<p class=\"font-claude-response-body break-words whitespace-normal leading-[1.7]\">\ud83d\udc49 <strong>Inscription via le catalogue ADPSA :<\/strong> <a href=\"https:\/\/adpsa12.catalogueformpro.com\/1\/elevage\/2891067\/gerer-ses-prairies-equines-en-agro-ecologie-gironde-terres-et-chevaux\" target=\"_blank\" rel=\"noopener\">https:\/\/adpsa12.catalogueformpro.com\/1\/elevage\/2891067\/gerer-ses-prairies-equines-en-agro-ecologie-gironde-terres-et-chevaux<\/a><\/p>\n","protected":false},"excerpt":{"rendered":"<p>Deux jours en pr\u00e9sentiel (salle + terrain) pour apprendre \u00e0 g\u00e9rer vos prairies (et votre \u00e9cosyst\u00e8me) de mani\u00e8re durable, productive et adapt\u00e9e aux chevaux. <\/p>\n","protected":false},"author":1,"featured_media":4725,"template":"","meta":{"neve_meta_sidebar":"","neve_meta_container":"","neve_meta_enable_content_width":"","neve_meta_content_width":0,"neve_meta_title_alignment":"","neve_meta_author_avatar":"","neve_post_elements_order":"","neve_meta_disable_header":"","neve_meta_disable_footer":"","neve_meta_disable_title":"","neve_meta_reading_time":"","_price":"","_stock":"","_tribe_ticket_header":"","_tribe_default_ticket_provider":"TEC\\Tickets\\Commerce\\Module","_tribe_ticket_capacity":"0","_ticket_start_date":"","_ticket_end_date":"","_tribe_ticket_show_description":"","_tribe_ticket_show_not_going":false,"_tribe_ticket_use_global_stock":"","_tribe_ticket_global_stock_level":"","_global_stock_mode":"","_global_stock_cap":"","_tribe_rsvp_for_event":"","_tribe_ticket_going_count":"","_tribe_ticket_not_going_count":"","_tribe_tickets_list":"[]","_tribe_ticket_has_attendee_info_fields":false,"_tribe_events_status":"","_tribe_events_status_reason":"","footnotes":"","_tec_slr_enabled":"","_tec_slr_layout":""},"tags":[113,77,114],"tribe_events_cat":[111,110,112],"class_list":["post-4724","tribe_events","type-tribe_events","status-publish","has-post-thumbnail","hentry","tag-gironde","tag-prairies","tag-presentiel","tribe_events_cat-gironde","tribe_events_cat-prairies","tribe_events_cat-presentiel","cat_gironde","cat_prairies","cat_presentiel"],"ticketed":false,"_links":{"self":[{"href":"https:\/\/www.terres-et-chevaux.fr\/WP\/wp-json\/wp\/v2\/tribe_events\/4724","targetHints":{"allow":["GET"]}}],"collection":[{"href":"https:\/\/www.terres-et-chevaux.fr\/WP\/wp-json\/wp\/v2\/tribe_events"}],"about":[{"href":"https:\/\/www.terres-et-chevaux.fr\/WP\/wp-json\/wp\/v2\/types\/tribe_events"}],"author":[{"embeddable":true,"href":"https:\/\/www.terres-et-chevaux.fr\/WP\/wp-json\/wp\/v2\/users\/1"}],"version-history":[{"count":6,"href":"https:\/\/www.terres-et-chevaux.fr\/WP\/wp-json\/wp\/v2\/tribe_events\/4724\/revisions"}],"predecessor-version":[{"id":4755,"href":"https:\/\/www.terres-et-chevaux.fr\/WP\/wp-json\/wp\/v2\/tribe_events\/4724\/revisions\/4755"}],"wp:featuredmedia":[{"embeddable":true,"href":"https:\/\/www.terres-et-chevaux.fr\/WP\/wp-json\/wp\/v2\/media\/4725"}],"wp:attachment":[{"href":"https:\/\/www.terres-et-chevaux.fr\/WP\/wp-json\/wp\/v2\/media?parent=4724"}],"wp:term":[{"taxonomy":"post_tag","embeddable":true,"href":"https:\/\/www.terres-et-chevaux.fr\/WP\/wp-json\/wp\/v2\/tags?post=4724"},{"taxonomy":"tribe_events_cat","embeddable":true,"href":"https:\/\/www.terres-et-chevaux.fr\/WP\/wp-json\/wp\/v2\/tribe_events_cat?post=4724"}],"curies":[{"name":"wp","href":"https:\/\/api.w.org\/{rel}","templated":true}]}}

Gérer ses prairies équines en agro-écologie • Gironde (33)

<h3 class="font-claude-response-body break-words whitespace-normal leading-[1.7]" style="text-align: center;"><strong>🌿 Formation &#8220;<em>Gérer ses prairies équines en agro-écologie</em>&#8221; </strong><strong>🌿<br />
</strong><strong>13 &amp; 14 juin 2026<br />
Gours (33660) &#8211; Gironde / proche Dordogne</strong></h3>
<blockquote>
<p class="font-claude-response-body break-words whitespace-normal leading-[1.7]"><span style="color: #008000;">Deux jours en présentiel (salle + terrain) pour apprendre à gérer vos prairies de manière durable, productive et adaptée aux chevaux.</span></p>
</blockquote>
<p class="font-claude-response-body break-words whitespace-normal leading-[1.7]"><strong>🌿 Ce que vous apprendrez :</strong></p>
<ul>
<li class="font-claude-response-body break-words whitespace-normal leading-[1.7]">Comprendre le fonctionnement de votre écosystème prairial (sol vivant, flore, cycle de l&#8217;eau)</li>
<li class="font-claude-response-body break-words whitespace-normal leading-[1.7]">Réaliser un diagnostic agro-écologique de vos parcelles</li>
<li class="font-claude-response-body break-words whitespace-normal leading-[1.7]">Dimensionner et mettre en place un pâturage tournant adapté à vos effectifs</li>
<li class="font-claude-response-body break-words whitespace-normal leading-[1.7]">Anticiper les situations à risque (surpâturage, sécheresse)</li>
<li class="font-claude-response-body break-words whitespace-normal leading-[1.7]">Renforcer votre autonomie fourragère et la résilience climatique de votre système.</li>
</ul>
<p>Vous repartirez avec un plan d&#8217;action personnalisé.</p>
<p class="font-claude-response-body break-words whitespace-normal leading-[1.7]"><strong>🌿 Pour qui ?</strong> Gérant·es de structures équestres (centres équestres, écuries, élevages…), porteur·euses de projet et particulier·es détenteur·ices de chevaux en Gironde, Dordogne ou alentours (ou même de plus loin !).</p>
<p class="font-claude-response-body break-words whitespace-normal leading-[1.7]"><strong>🌿 Tarifs :</strong></p>
<ul>
<li class="font-claude-response-body break-words whitespace-normal leading-[1.7]"><span style="text-decoration: underline;">Contributeurs VIVEA</span> : 434 € pris en charge sous réserve d&#8217;éligibilité + 50 € de reste à charge</li>
<li class="font-claude-response-body break-words whitespace-normal leading-[1.7]"><span style="text-decoration: underline;">Salarié·es</span> (OPCO, y compris professions non agricoles) : 50€ d&#8217;acompte + 484 € en cas de prise en charge par votre fonds de formation (sinon, tarif auto-financement ci-dessous)</li>
<li><span style="text-decoration: underline;">Indépendant·es</span> (OPCO, y compris professions non agricoles) : 50€ d&#8217;acompte + 484 € en cas de prise en charge par votre fonds de formation (sinon, tarif auto-financement ci-dessous)</li>
<li class="font-claude-response-body break-words whitespace-normal leading-[1.7]"><span style="text-decoration: underline;">Particulier·es en autofinancement</span> : 50 € d&#8217;acompte à l&#8217;inscription + 200 € de solde à la fin de la formation.</li>
</ul>
<p class="font-claude-response-body break-words whitespace-normal leading-[1.7]"><strong>🌿 Infos pratiques :</strong></p>
<ul>
<li class="font-claude-response-body break-words whitespace-normal leading-[1.7]"><span style="text-decoration: underline;">Lieu</span> : Domaine du Villemont, 68 impasse du petit Villemont, 33660 Gours</li>
<li class="font-claude-response-body break-words whitespace-normal leading-[1.7]"><span style="text-decoration: underline;">Horaires</span> : 9h30 &#8211; 17h30 le samedi, 9h00 &#8211; 17h00 le dimanche</li>
<li class="font-claude-response-body break-words whitespace-normal leading-[1.7]">6 à 12 participant·es</li>
<li class="font-claude-response-body break-words whitespace-normal leading-[1.7]">Aucun prérequis</li>
<li class="font-claude-response-body break-words whitespace-normal leading-[1.7]">Accessibilité handicap : contactez Camille Lardoux au 06 86 74 89 42 ou à l&#8217;adresse domaineduvillemont@gmail.com</li>
</ul>
<p class="font-claude-response-body break-words whitespace-normal leading-[1.7]"><strong>🌿 Taux de satisfaction des formations : 9,5/10</strong> sur les sessions précédentes.</p>
<p class="font-claude-response-body break-words whitespace-normal leading-[1.7]"><strong>🌿 Formatrice :</strong> Marie-Laure Guénot, de TERRES ET CHEVAUX. Conseillère agricole, designer d&#8217;hébergements équins et formatrice depuis 2014.</p>
<p class="font-claude-response-body break-words whitespace-normal leading-[1.7]">👉 <strong>Inscription via le catalogue ADPSA :</strong> <a href="https://adpsa12.catalogueformpro.com/1/elevage/2891067/gerer-ses-prairies-equines-en-agro-ecologie-gironde-terres-et-chevaux" target="_blank" rel="noopener">https://adpsa12.catalogueformpro.com/1/elevage/2891067/gerer-ses-prairies-equines-en-agro-ecologie-gironde-terres-et-chevaux</a></p>

<p>Deux jours en présentiel (salle + terrain) pour apprendre à gérer vos prairies (et votre écosystème) de manière durable, productive et adaptée aux chevaux. </p>
