{"id":4738,"date":"2026-04-28T19:33:39","date_gmt":"2026-04-28T17:33:39","guid":{"rendered":"https:\/\/www.terres-et-chevaux.fr\/WP\/?post_type=tribe_events&#038;p=4738"},"modified":"2026-04-28T19:33:39","modified_gmt":"2026-04-28T17:33:39","slug":"hebergement-et-bien-etre-equin-aveyron-12","status":"publish","type":"tribe_events","link":"https:\/\/www.terres-et-chevaux.fr\/WP\/evenement\/hebergement-et-bien-etre-equin-aveyron-12\/","title":{"rendered":"H\u00e9bergement et bien-\u00eatre \u00e9quin \u2022 Aveyron (12)"},"content":{"rendered":"<h3 class=\"font-claude-response-body break-words whitespace-normal leading-[1.7]\" style=\"text-align: center;\"><strong>\ud83d\udc34 Formation &#8220;<em>Dessinez l&#8217;\u00e9curie qui change tout : <\/em><br \/>\n<em>bien-\u00eatre, am\u00e9nagement et plan d&#8217;action<\/em>&#8221; <\/strong><strong>\ud83d\udc34<br \/>\n<\/strong><strong>6 &amp; 7 juillet 2026<br \/>\nLa Salvetat Peyral\u00e8s (12440), Aveyron<\/strong><\/h3>\n<blockquote>\n<p class=\"font-claude-response-body break-words whitespace-normal leading-[1.7]\"><span style=\"color: #339966;\">Deux jours en pr\u00e9sentiel (salle + terrain) pour acqu\u00e9rir les rep\u00e8res n\u00e9cessaires \u00e0 la conception d&#8217;un h\u00e9bergement \u00e9quin en ext\u00e9rieur et en groupe, adapt\u00e9 \u00e0 votre contexte.<\/span><\/p>\n<\/blockquote>\n<p class=\"font-claude-response-body break-words whitespace-normal leading-[1.7]\"><strong>\ud83d\udc34 Ce que vous apprendrez :<\/strong><\/p>\n<ul>\n<li class=\"font-claude-response-body break-words whitespace-normal leading-[1.7]\">Conna\u00eetre les besoins fondamentaux des chevaux en mati\u00e8re d&#8217;h\u00e9bergement et \u00e9valuer votre structure actuelle<\/li>\n<li class=\"font-claude-response-body break-words whitespace-normal leading-[1.7]\">Comparer les diff\u00e9rents syst\u00e8mes (\u00e9qui-piste, paddock paradise, \u00e9curie active, dynamique, \u00e9quicentral\u2026) et identifier celui qui correspond \u00e0 votre situation<\/li>\n<li class=\"font-claude-response-body break-words whitespace-normal leading-[1.7]\">R\u00e9aliser un diagnostic de votre site (topographie, hydrologie, sol, climat)<\/li>\n<li class=\"font-claude-response-body break-words whitespace-normal leading-[1.7]\">Concevoir un plan d&#8217;am\u00e9nagement int\u00e9grant organisation spatiale, stabilisation des sols, cl\u00f4tures, gestion des effluents et ergonomie de travail<\/li>\n<li class=\"font-claude-response-body break-words whitespace-normal leading-[1.7]\">Mesurer l&#8217;impact de la conception sur votre charge de travail quotidienne.<\/li>\n<\/ul>\n<p>Vous repartirez avec un plan d&#8217;am\u00e9nagement personnalis\u00e9 et une feuille de route r\u00e9aliste.<\/p>\n<p class=\"font-claude-response-body break-words whitespace-normal leading-[1.7]\"><strong>\ud83d\udc34 Pour qui ?<\/strong> G\u00e9rant\u00b7es de structures \u00e9questres (centres \u00e9questres, \u00e9curies, \u00e9levages\u2026), porteur\u00b7euses de projet et particulier\u00b7es d\u00e9tenteur\u00b7ices de chevaux.<\/p>\n<p class=\"font-claude-response-body break-words whitespace-normal leading-[1.7]\"><strong>\ud83d\udc34 Tarifs :<\/strong><\/p>\n<ul>\n<li class=\"font-claude-response-body break-words whitespace-normal leading-[1.7]\"><span style=\"text-decoration: underline;\">Contributeur\u00b7ices VIVEA<\/span> : 434 \u20ac pris en charge sous r\u00e9serve d&#8217;\u00e9ligibilit\u00e9 + 50 \u20ac de reste \u00e0 charge<\/li>\n<li class=\"font-claude-response-body break-words whitespace-normal leading-[1.7]\"><span style=\"text-decoration: underline;\">Salari\u00e9\u00b7es<\/span> (OPCO, professions agricoles ou non agricoles) : 50\u20ac d&#8217;acompte + 484 \u20ac en cas de prise en charge possible par votre fonds de formation (sinon, tarif auto-financement ci-dessous)<\/li>\n<li><span style=\"text-decoration: underline;\">Ind\u00e9pendant\u00b7es<\/span> (OPCO, professions agricoles ou non agricoles) : 50\u20ac d&#8217;acompte + 484 \u20ac en cas de prise en charge possible par votre fonds de formation (sinon, tarif auto-financement ci-dessous)<\/li>\n<li class=\"font-claude-response-body break-words whitespace-normal leading-[1.7]\"><span style=\"text-decoration: underline;\">Particulier\u00b7es en autofinancement<\/span> : 50\u20ac d&#8217;acompte \u00e0 l&#8217;inscription + 200\u20ac de solde \u00e0 la fin de la formation<\/li>\n<\/ul>\n<p class=\"font-claude-response-body break-words whitespace-normal leading-[1.7]\"><strong>\ud83d\udc34 Infos pratiques :<\/strong><\/p>\n<ul>\n<li class=\"font-claude-response-body break-words whitespace-normal leading-[1.7]\"><span style=\"text-decoration: underline;\">Lieu<\/span> : Le Roc 12440 La Salvetat Peyral\u00e8s<\/li>\n<li class=\"font-claude-response-body break-words whitespace-normal leading-[1.7]\">Horaires : 9h30 &#8211; 17h30 le lundi, 9h00 &#8211; 17h00 le mardi<\/li>\n<li class=\"font-claude-response-body break-words whitespace-normal leading-[1.7]\">6 \u00e0 12 participant\u00b7es<\/li>\n<li class=\"font-claude-response-body break-words whitespace-normal leading-[1.7]\">Aucun pr\u00e9requis<\/li>\n<li class=\"font-claude-response-body break-words whitespace-normal leading-[1.7]\">Accessibilit\u00e9 handicap : contactez Sandrine Vigui\u00e9 \u00e0 l&#8217;ADPSA (05 65 73 77 96)<\/li>\n<\/ul>\n<p class=\"font-claude-response-body break-words whitespace-normal leading-[1.7]\"><strong>\ud83d\udc34 Taux de satisfaction : 9,8\/10<\/strong> sur les sessions pr\u00e9c\u00e9dentes.<\/p>\n<p class=\"font-claude-response-body break-words whitespace-normal leading-[1.7]\"><strong>\ud83d\udc34 Formatrice :<\/strong> Marie-Laure Gu\u00e9not de TERRES ET CHEVAUX, Conseill\u00e8re agricole, designer d&#8217;h\u00e9bergements \u00e9quins et formatrice depuis 2014.<\/p>\n<p class=\"font-claude-response-body break-words whitespace-normal leading-[1.7]\">\ud83d\udc49 <strong>Inscription via le catalogue ADPSA :<\/strong> <a href=\"https:\/\/adpsa12.catalogueformpro.com\/1\/elevage\/2907156\/dessinez-lecurie-qui-change-tout-bien-etre-amenagement-et-plan-daction-la-salvetat-peyrales-terres-e\" target=\"_blank\" rel=\"noopener\">https:\/\/adpsa12.catalogueformpro.com\/1\/elevage\/2907156\/dessinez-lecurie-qui-change-tout-bien-etre-amenagement-et-plan-daction-la-salvetat-peyrales-terres-e<\/a><\/p>\n","protected":false},"excerpt":{"rendered":"<p>Deux jours en pr\u00e9sentiel (salle + terrain) pour acqu\u00e9rir les rep\u00e8res n\u00e9cessaires \u00e0 la conception d&#8217;un h\u00e9bergement \u00e9quin en ext\u00e9rieur et en groupe, adapt\u00e9 \u00e0 votre contexte.<\/p>\n","protected":false},"author":1,"featured_media":4739,"template":"","meta":{"neve_meta_sidebar":"","neve_meta_container":"","neve_meta_enable_content_width":"","neve_meta_content_width":0,"neve_meta_title_alignment":"","neve_meta_author_avatar":"","neve_post_elements_order":"","neve_meta_disable_header":"","neve_meta_disable_footer":"","neve_meta_disable_title":"","neve_meta_reading_time":"","_price":"","_stock":"","_tribe_ticket_header":"","_tribe_default_ticket_provider":"TEC\\Tickets\\Commerce\\Module","_tribe_ticket_capacity":"0","_ticket_start_date":"","_ticket_end_date":"","_tribe_ticket_show_description":"","_tribe_ticket_show_not_going":false,"_tribe_ticket_use_global_stock":"","_tribe_ticket_global_stock_level":"","_global_stock_mode":"","_global_stock_cap":"","_tribe_rsvp_for_event":"","_tribe_ticket_going_count":"","_tribe_ticket_not_going_count":"","_tribe_tickets_list":"[]","_tribe_ticket_has_attendee_info_fields":false,"_tribe_events_status":"","_tribe_events_status_reason":"","footnotes":"","_tec_slr_enabled":"","_tec_slr_layout":""},"tags":[],"tribe_events_cat":[],"class_list":["post-4738","tribe_events","type-tribe_events","status-publish","has-post-thumbnail","hentry"],"ticketed":false,"_links":{"self":[{"href":"https:\/\/www.terres-et-chevaux.fr\/WP\/wp-json\/wp\/v2\/tribe_events\/4738","targetHints":{"allow":["GET"]}}],"collection":[{"href":"https:\/\/www.terres-et-chevaux.fr\/WP\/wp-json\/wp\/v2\/tribe_events"}],"about":[{"href":"https:\/\/www.terres-et-chevaux.fr\/WP\/wp-json\/wp\/v2\/types\/tribe_events"}],"author":[{"embeddable":true,"href":"https:\/\/www.terres-et-chevaux.fr\/WP\/wp-json\/wp\/v2\/users\/1"}],"version-history":[{"count":1,"href":"https:\/\/www.terres-et-chevaux.fr\/WP\/wp-json\/wp\/v2\/tribe_events\/4738\/revisions"}],"predecessor-version":[{"id":4740,"href":"https:\/\/www.terres-et-chevaux.fr\/WP\/wp-json\/wp\/v2\/tribe_events\/4738\/revisions\/4740"}],"wp:featuredmedia":[{"embeddable":true,"href":"https:\/\/www.terres-et-chevaux.fr\/WP\/wp-json\/wp\/v2\/media\/4739"}],"wp:attachment":[{"href":"https:\/\/www.terres-et-chevaux.fr\/WP\/wp-json\/wp\/v2\/media?parent=4738"}],"wp:term":[{"taxonomy":"post_tag","embeddable":true,"href":"https:\/\/www.terres-et-chevaux.fr\/WP\/wp-json\/wp\/v2\/tags?post=4738"},{"taxonomy":"tribe_events_cat","embeddable":true,"href":"https:\/\/www.terres-et-chevaux.fr\/WP\/wp-json\/wp\/v2\/tribe_events_cat?post=4738"}],"curies":[{"name":"wp","href":"https:\/\/api.w.org\/{rel}","templated":true}]}}

Hébergement et bien-être équin • Aveyron (12)

<h3 class="font-claude-response-body break-words whitespace-normal leading-[1.7]" style="text-align: center;"><strong>🐴 Formation &#8220;<em>Dessinez l&#8217;écurie qui change tout : </em><br />
<em>bien-être, aménagement et plan d&#8217;action</em>&#8221; </strong><strong>🐴<br />
</strong><strong>6 &amp; 7 juillet 2026<br />
La Salvetat Peyralès (12440), Aveyron</strong></h3>
<blockquote>
<p class="font-claude-response-body break-words whitespace-normal leading-[1.7]"><span style="color: #339966;">Deux jours en présentiel (salle + terrain) pour acquérir les repères nécessaires à la conception d&#8217;un hébergement équin en extérieur et en groupe, adapté à votre contexte.</span></p>
</blockquote>
<p class="font-claude-response-body break-words whitespace-normal leading-[1.7]"><strong>🐴 Ce que vous apprendrez :</strong></p>
<ul>
<li class="font-claude-response-body break-words whitespace-normal leading-[1.7]">Connaître les besoins fondamentaux des chevaux en matière d&#8217;hébergement et évaluer votre structure actuelle</li>
<li class="font-claude-response-body break-words whitespace-normal leading-[1.7]">Comparer les différents systèmes (équi-piste, paddock paradise, écurie active, dynamique, équicentral…) et identifier celui qui correspond à votre situation</li>
<li class="font-claude-response-body break-words whitespace-normal leading-[1.7]">Réaliser un diagnostic de votre site (topographie, hydrologie, sol, climat)</li>
<li class="font-claude-response-body break-words whitespace-normal leading-[1.7]">Concevoir un plan d&#8217;aménagement intégrant organisation spatiale, stabilisation des sols, clôtures, gestion des effluents et ergonomie de travail</li>
<li class="font-claude-response-body break-words whitespace-normal leading-[1.7]">Mesurer l&#8217;impact de la conception sur votre charge de travail quotidienne.</li>
</ul>
<p>Vous repartirez avec un plan d&#8217;aménagement personnalisé et une feuille de route réaliste.</p>
<p class="font-claude-response-body break-words whitespace-normal leading-[1.7]"><strong>🐴 Pour qui ?</strong> Gérant·es de structures équestres (centres équestres, écuries, élevages…), porteur·euses de projet et particulier·es détenteur·ices de chevaux.</p>
<p class="font-claude-response-body break-words whitespace-normal leading-[1.7]"><strong>🐴 Tarifs :</strong></p>
<ul>
<li class="font-claude-response-body break-words whitespace-normal leading-[1.7]"><span style="text-decoration: underline;">Contributeur·ices VIVEA</span> : 434 € pris en charge sous réserve d&#8217;éligibilité + 50 € de reste à charge</li>
<li class="font-claude-response-body break-words whitespace-normal leading-[1.7]"><span style="text-decoration: underline;">Salarié·es</span> (OPCO, professions agricoles ou non agricoles) : 50€ d&#8217;acompte + 484 € en cas de prise en charge possible par votre fonds de formation (sinon, tarif auto-financement ci-dessous)</li>
<li><span style="text-decoration: underline;">Indépendant·es</span> (OPCO, professions agricoles ou non agricoles) : 50€ d&#8217;acompte + 484 € en cas de prise en charge possible par votre fonds de formation (sinon, tarif auto-financement ci-dessous)</li>
<li class="font-claude-response-body break-words whitespace-normal leading-[1.7]"><span style="text-decoration: underline;">Particulier·es en autofinancement</span> : 50€ d&#8217;acompte à l&#8217;inscription + 200€ de solde à la fin de la formation</li>
</ul>
<p class="font-claude-response-body break-words whitespace-normal leading-[1.7]"><strong>🐴 Infos pratiques :</strong></p>
<ul>
<li class="font-claude-response-body break-words whitespace-normal leading-[1.7]"><span style="text-decoration: underline;">Lieu</span> : Le Roc 12440 La Salvetat Peyralès</li>
<li class="font-claude-response-body break-words whitespace-normal leading-[1.7]">Horaires : 9h30 &#8211; 17h30 le lundi, 9h00 &#8211; 17h00 le mardi</li>
<li class="font-claude-response-body break-words whitespace-normal leading-[1.7]">6 à 12 participant·es</li>
<li class="font-claude-response-body break-words whitespace-normal leading-[1.7]">Aucun prérequis</li>
<li class="font-claude-response-body break-words whitespace-normal leading-[1.7]">Accessibilité handicap : contactez Sandrine Viguié à l&#8217;ADPSA (05 65 73 77 96)</li>
</ul>
<p class="font-claude-response-body break-words whitespace-normal leading-[1.7]"><strong>🐴 Taux de satisfaction : 9,8/10</strong> sur les sessions précédentes.</p>
<p class="font-claude-response-body break-words whitespace-normal leading-[1.7]"><strong>🐴 Formatrice :</strong> Marie-Laure Guénot de TERRES ET CHEVAUX, Conseillère agricole, designer d&#8217;hébergements équins et formatrice depuis 2014.</p>
<p class="font-claude-response-body break-words whitespace-normal leading-[1.7]">👉 <strong>Inscription via le catalogue ADPSA :</strong> <a href="https://adpsa12.catalogueformpro.com/1/elevage/2907156/dessinez-lecurie-qui-change-tout-bien-etre-amenagement-et-plan-daction-la-salvetat-peyrales-terres-e" target="_blank" rel="noopener">https://adpsa12.catalogueformpro.com/1/elevage/2907156/dessinez-lecurie-qui-change-tout-bien-etre-amenagement-et-plan-daction-la-salvetat-peyrales-terres-e</a></p>

<p>Deux jours en présentiel (salle + terrain) pour acquérir les repères nécessaires à la conception d&#8217;un hébergement équin en extérieur et en groupe, adapté à votre contexte.</p>
